{"id":37145,"date":"2024-09-30T10:36:11","date_gmt":"2024-09-30T15:36:11","guid":{"rendered":"https:\/\/qroo.gob.mx\/sema\/?page_id=37145"},"modified":"2025-09-03T12:21:43","modified_gmt":"2025-09-03T17:21:43","slug":"acerca-de-nosotros","status":"publish","type":"page","link":"https:\/\/qroo.gob.mx\/sema\/acerca-de-nosotros\/","title":{"rendered":"ACERCA DE NOSOTROS"},"content":{"rendered":"\t\t<div data-elementor-type=\"wp-page\" data-elementor-id=\"37145\" class=\"elementor elementor-37145\">\n\t\t\t\t<div class=\"elementor-element elementor-element-6fd848d e-flex e-con-boxed e-con e-parent\" data-id=\"6fd848d\" data-element_type=\"container\" data-e-type=\"container\">\n\t\t\t\t\t<div class=\"e-con-inner\">\n\t\t\t\t<div class=\"elementor-element elementor-element-7099034 elementor-widget elementor-widget-spacer\" data-id=\"7099034\" data-element_type=\"widget\" data-e-type=\"widget\" data-widget_type=\"spacer.default\">\n\t\t\t\t<div class=\"elementor-widget-container\">\n\t\t\t\t\t\t\t<div class=\"elementor-spacer\">\n\t\t\t<div class=\"elementor-spacer-inner\"><\/div>\n\t\t<\/div>\n\t\t\t\t\t\t<\/div>\n\t\t\t\t<\/div>\n\t\t\t\t<div class=\"elementor-element elementor-element-801c078 elementor-widget elementor-widget-heading\" data-id=\"801c078\" data-element_type=\"widget\" data-e-type=\"widget\" data-widget_type=\"heading.default\">\n\t\t\t\t<div class=\"elementor-widget-container\">\n\t\t\t\t\t<h2 class=\"elementor-heading-title elementor-size-default\">Mensaje del Secretario de Ecolog\u00eda y Medio Ambiente<\/h2>\t\t\t\t<\/div>\n\t\t\t\t<\/div>\n\t\t\t\t\t<\/div>\n\t\t\t\t<\/div>\n\t\t<div class=\"elementor-element elementor-element-981d099 e-flex e-con-boxed e-con e-parent\" data-id=\"981d099\" data-element_type=\"container\" data-e-type=\"container\">\n\t\t\t\t\t<div class=\"e-con-inner\">\n\t\t\t\t<div class=\"elementor-element elementor-element-daccac9 elementor-widget elementor-widget-spacer\" data-id=\"daccac9\" data-element_type=\"widget\" data-e-type=\"widget\" data-widget_type=\"spacer.default\">\n\t\t\t\t<div class=\"elementor-widget-container\">\n\t\t\t\t\t\t\t<div class=\"elementor-spacer\">\n\t\t\t<div class=\"elementor-spacer-inner\"><\/div>\n\t\t<\/div>\n\t\t\t\t\t\t<\/div>\n\t\t\t\t<\/div>\n\t\t\t\t<div class=\"elementor-element elementor-element-a536473 elementor-widget elementor-widget-text-editor\" data-id=\"a536473\" data-element_type=\"widget\" data-e-type=\"widget\" data-widget_type=\"text-editor.default\">\n\t\t\t\t<div class=\"elementor-widget-container\">\n\t\t\t\t\t\t\t\t\t<p>Hoy m\u00e1s que nunca, nuestro planeta nos llama a actuar. La crisis clim\u00e1tica y la p\u00e9rdida de biodiversidad son desaf\u00edos que requieren la participaci\u00f3n de todos. En el Gobierno de Quintana Roo, con la Gobernadora Mara Lezama, estamos comprometidos a implementar pol\u00edticas que protejan nuestros recursos naturales y promuevan un desarrollo sostenible.<\/p><p>Pero este esfuerzo no puede hacerse solo desde las instituciones, cada uno de nosotros tiene un papel fundamental en la conservaci\u00f3n de nuestro entorno. Les invito a adoptar h\u00e1bitos responsables: reducir el uso de pl\u00e1sticos, reciclar, ahorrar agua y energ\u00eda, y participar en actividades de reforestaci\u00f3n.<br \/>Un futuro saludable y sostenible depende de nuestras acciones de hoy. Juntos, podemos construir un entorno m\u00e1s limpio y seguro para las generaciones venideras.<\/p><p>Gracias por su compromiso con un Quintana Roo limpio.<\/p><p>Atentamente,<\/p><p>Lic. \u00d3scar Alberto R\u00e9bora Aguilera<br \/>Secretario de Ecolog\u00eda y Medio Ambiente<\/p>\t\t\t\t\t\t\t\t<\/div>\n\t\t\t\t<\/div>\n\t\t\t\t<div class=\"elementor-element elementor-element-eef2944 elementor-widget elementor-widget-spacer\" data-id=\"eef2944\" data-element_type=\"widget\" data-e-type=\"widget\" data-widget_type=\"spacer.default\">\n\t\t\t\t<div class=\"elementor-widget-container\">\n\t\t\t\t\t\t\t<div class=\"elementor-spacer\">\n\t\t\t<div class=\"elementor-spacer-inner\"><\/div>\n\t\t<\/div>\n\t\t\t\t\t\t<\/div>\n\t\t\t\t<\/div>\n\t\t\t\t\t<\/div>\n\t\t\t\t<\/div>\n\t\t<div class=\"elementor-element elementor-element-b392ebb e-flex e-con-boxed e-con e-parent\" data-id=\"b392ebb\" data-element_type=\"container\" data-e-type=\"container\">\n\t\t\t\t\t<div class=\"e-con-inner\">\n\t\t\t\t<div class=\"elementor-element elementor-element-a75fbb4 elementor-widget elementor-widget-heading\" data-id=\"a75fbb4\" data-element_type=\"widget\" data-e-type=\"widget\" data-widget_type=\"heading.default\">\n\t\t\t\t<div class=\"elementor-widget-container\">\n\t\t\t\t\t<h2 class=\"elementor-heading-title elementor-size-default\">Misi\u00f3n, Visi\u00f3n y Objetivo<\/h2>\t\t\t\t<\/div>\n\t\t\t\t<\/div>\n\t\t\t\t<div class=\"elementor-element elementor-element-731a903 elementor-widget elementor-widget-spacer\" data-id=\"731a903\" data-element_type=\"widget\" data-e-type=\"widget\" data-widget_type=\"spacer.default\">\n\t\t\t\t<div class=\"elementor-widget-container\">\n\t\t\t\t\t\t\t<div class=\"elementor-spacer\">\n\t\t\t<div class=\"elementor-spacer-inner\"><\/div>\n\t\t<\/div>\n\t\t\t\t\t\t<\/div>\n\t\t\t\t<\/div>\n\t\t\t\t<div class=\"elementor-element elementor-element-e8ae752 elementor-widget elementor-widget-text-editor\" data-id=\"e8ae752\" data-element_type=\"widget\" data-e-type=\"widget\" data-widget_type=\"text-editor.default\">\n\t\t\t\t<div class=\"elementor-widget-container\">\n\t\t\t\t\t\t\t\t\t<p><b>ACTIVIDAD INSTITUCIONAL<br><\/b><span style=\"text-align: var(--text-align); background-color: var(--base-3); color: var(--base-2);\">Definir y conducir la pol\u00edtica p\u00fablica ambiental estatal como cabeza de sector, as\u00ed como instrumentar el Programa Sectorial de Ecolog\u00eda y Medio Ambiente, con sus estrategias y l\u00edneas de acci\u00f3n a corto, mediano y largo plazo.<\/span><\/p>\n<p><b>MISI\u00d3N<br><\/b><span style=\"text-align: var(--text-align); background-color: var(--base-3); color: var(--base-2);\">Incorporar en todos los \u00e1mbitos de la sociedad los criterios e instrumentos que aseguren una cultura ecol\u00f3gica que anteponga el cuidado del entorno y la preservaci\u00f3n ambiental, en la toma de decisiones para incentivar y promover el aprovechamiento sustentable de los recursos naturales, consolidando un Quintana Roo verde, impulsando nuevas formas de participaci\u00f3n que alienten al ciudadano de manera individual y en grupos organizados a intervenir en la formulaci\u00f3n y ejecuci\u00f3n de las pol\u00edticas p\u00fablicas ambientales, as\u00ed como fortalecer la gesti\u00f3n p\u00fablica ambiental en el estado, considerando de manera transversal la variable de cambio clim\u00e1tico, con sus aspectos de mitigaci\u00f3n y adaptaci\u00f3n.<\/span><\/p>\n<p><b>VISI\u00d3N<\/b><br>Un Quintana Roo en el que la sociedad y el Estado sean comprometidos y lideres en la protecci\u00f3n y conservaci\u00f3n del ambiente, utilizando sustentablemente sus recursos y capital natural, donde el desarrollo econ\u00f3mico y social, la convivencia arm\u00f3nica con la naturaleza, as\u00ed como el crecimiento tur\u00edstico, se realice conforme a reglas claras establecidas en los diversos instrumentos de pol\u00edtica y gesti\u00f3n ambiental como el ordenamiento ecol\u00f3gico; \u00e1reas naturales protegidas; educaci\u00f3n ambiental; gesti\u00f3n integral de residuos; calidad del aire; cambio clim\u00e1tico y el manejo adecuado de la biodiversidad. Garantizando el derecho de cada persona a su desarrollo econ\u00f3mico, social e individual en un ambiente sano.<\/p>\t\t\t\t\t\t\t\t<\/div>\n\t\t\t\t<\/div>\n\t\t\t\t\t<\/div>\n\t\t\t\t<\/div>\n\t\t<div class=\"elementor-element elementor-element-2701918 e-flex e-con-boxed e-con e-parent\" data-id=\"2701918\" data-element_type=\"container\" data-e-type=\"container\">\n\t\t\t\t\t<div class=\"e-con-inner\">\n\t\t\t\t<div class=\"elementor-element elementor-element-673470d elementor-widget elementor-widget-spacer\" data-id=\"673470d\" data-element_type=\"widget\" data-e-type=\"widget\" data-widget_type=\"spacer.default\">\n\t\t\t\t<div class=\"elementor-widget-container\">\n\t\t\t\t\t\t\t<div class=\"elementor-spacer\">\n\t\t\t<div class=\"elementor-spacer-inner\"><\/div>\n\t\t<\/div>\n\t\t\t\t\t\t<\/div>\n\t\t\t\t<\/div>\n\t\t\t\t<div class=\"elementor-element elementor-element-d5250d1 elementor-widget elementor-widget-heading\" data-id=\"d5250d1\" data-element_type=\"widget\" data-e-type=\"widget\" data-widget_type=\"heading.default\">\n\t\t\t\t<div class=\"elementor-widget-container\">\n\t\t\t\t\t<h2 class=\"elementor-heading-title elementor-size-default\">Organigrama<br><\/h2>\t\t\t\t<\/div>\n\t\t\t\t<\/div>\n\t\t<div class=\"elementor-element elementor-element-5f6366e e-con-full e-flex e-con e-child\" data-id=\"5f6366e\" data-element_type=\"container\" data-e-type=\"container\">\n\t\t\t\t<div class=\"elementor-element elementor-element-fbbc4f7 elementor-widget elementor-widget-text-editor\" data-id=\"fbbc4f7\" data-element_type=\"widget\" data-e-type=\"widget\" data-widget_type=\"text-editor.default\">\n\t\t\t\t<div class=\"elementor-widget-container\">\n\t\t\t\t\t\t\t\t\t<br>\n<iframe style=\"border: none;\" src=\"https:\/\/owncloud.semaqroo.gob.mx\/index.php\/s\/0drtqFGCK0rbaK6?embed=true\" width=\"100%\" height=\"600\">\n<\/iframe>\t\t\t\t\t\t\t\t<\/div>\n\t\t\t\t<\/div>\n\t\t\t\t<\/div>\n\t\t\t\t<div class=\"elementor-element elementor-element-c9ec9cd elementor-widget elementor-widget-spacer\" data-id=\"c9ec9cd\" data-element_type=\"widget\" data-e-type=\"widget\" data-widget_type=\"spacer.default\">\n\t\t\t\t<div class=\"elementor-widget-container\">\n\t\t\t\t\t\t\t<div class=\"elementor-spacer\">\n\t\t\t<div class=\"elementor-spacer-inner\"><\/div>\n\t\t<\/div>\n\t\t\t\t\t\t<\/div>\n\t\t\t\t<\/div>\n\t\t\t\t\t<\/div>\n\t\t\t\t<\/div>\n\t\t\t\t<\/div>\n\t\t","protected":false},"excerpt":{"rendered":"<p>Mensaje del Secretario de Ecolog\u00eda y Medio Ambiente Hoy m\u00e1s que nunca, nuestro planeta nos llama a actuar. La crisis clim\u00e1tica y la p\u00e9rdida de biodiversidad son desaf\u00edos que requieren la participaci\u00f3n de todos. En el Gobierno de Quintana Roo, con la Gobernadora Mara Lezama, estamos comprometidos a implementar pol\u00edticas que protejan nuestros recursos naturales &#8230; <a title=\"ACERCA DE NOSOTROS\" class=\"read-more\" href=\"https:\/\/qroo.gob.mx\/sema\/acerca-de-nosotros\/\" aria-label=\"Leer m\u00e1s sobre ACERCA DE NOSOTROS\">Leer m\u00e1s<\/a><\/p>\n","protected":false},"author":8,"featured_media":0,"parent":0,"menu_order":0,"comment_status":"closed","ping_status":"closed","template":"","meta":{"footnotes":""},"class_list":["post-37145","page","type-page","status-publish"],"_links":{"self":[{"href":"https:\/\/qroo.gob.mx\/sema\/wp-json\/wp\/v2\/pages\/37145"}],"collection":[{"href":"https:\/\/qroo.gob.mx\/sema\/wp-json\/wp\/v2\/pages"}],"about":[{"href":"https:\/\/qroo.gob.mx\/sema\/wp-json\/wp\/v2\/types\/page"}],"author":[{"embeddable":true,"href":"https:\/\/qroo.gob.mx\/sema\/wp-json\/wp\/v2\/users\/8"}],"replies":[{"embeddable":true,"href":"https:\/\/qroo.gob.mx\/sema\/wp-json\/wp\/v2\/comments?post=37145"}],"version-history":[{"count":0,"href":"https:\/\/qroo.gob.mx\/sema\/wp-json\/wp\/v2\/pages\/37145\/revisions"}],"wp:attachment":[{"href":"https:\/\/qroo.gob.mx\/sema\/wp-json\/wp\/v2\/media?parent=37145"}],"curies":[{"name":"wp","href":"https:\/\/api.w.org\/{rel}","templated":true}]}}