{"id":39058,"date":"2024-09-10T16:41:26","date_gmt":"2024-09-10T21:41:26","guid":{"rendered":"https:\/\/qroo.gob.mx\/segob\/?page_id=39058"},"modified":"2024-10-21T13:51:52","modified_gmt":"2024-10-21T18:51:52","slug":"historial-de-licitaciones-2020","status":"publish","type":"page","link":"https:\/\/qroo.gob.mx\/segob\/historial-de-licitaciones-2020\/","title":{"rendered":"Historial de Licitaciones 2020"},"content":{"rendered":"\t\t<div data-elementor-type=\"wp-page\" data-elementor-id=\"39058\" class=\"elementor elementor-39058\">\n\t\t\t\t<div class=\"elementor-element elementor-element-4e9da10 e-flex e-con-boxed e-con e-parent\" data-id=\"4e9da10\" data-element_type=\"container\">\n\t\t\t\t\t<div class=\"e-con-inner\">\n\t\t\t\t<div class=\"elementor-element elementor-element-91a42a5 elementor-widget elementor-widget-spacer\" data-id=\"91a42a5\" data-element_type=\"widget\" data-widget_type=\"spacer.default\">\n\t\t\t\t<div class=\"elementor-widget-container\">\n\t\t\t<style>\/*! elementor - v3.23.0 - 15-07-2024 *\/\n.elementor-column .elementor-spacer-inner{height:var(--spacer-size)}.e-con{--container-widget-width:100%}.e-con-inner>.elementor-widget-spacer,.e-con>.elementor-widget-spacer{width:var(--container-widget-width,var(--spacer-size));--align-self:var(--container-widget-align-self,initial);--flex-shrink:0}.e-con-inner>.elementor-widget-spacer>.elementor-widget-container,.e-con>.elementor-widget-spacer>.elementor-widget-container{height:100%;width:100%}.e-con-inner>.elementor-widget-spacer>.elementor-widget-container>.elementor-spacer,.e-con>.elementor-widget-spacer>.elementor-widget-container>.elementor-spacer{height:100%}.e-con-inner>.elementor-widget-spacer>.elementor-widget-container>.elementor-spacer>.elementor-spacer-inner,.e-con>.elementor-widget-spacer>.elementor-widget-container>.elementor-spacer>.elementor-spacer-inner{height:var(--container-widget-height,var(--spacer-size))}.e-con-inner>.elementor-widget-spacer.elementor-widget-empty,.e-con>.elementor-widget-spacer.elementor-widget-empty{position:relative;min-height:22px;min-width:22px}.e-con-inner>.elementor-widget-spacer.elementor-widget-empty .elementor-widget-empty-icon,.e-con>.elementor-widget-spacer.elementor-widget-empty .elementor-widget-empty-icon{position:absolute;top:0;bottom:0;left:0;right:0;margin:auto;padding:0;width:22px;height:22px}<\/style>\t\t<div class=\"elementor-spacer\">\n\t\t\t<div class=\"elementor-spacer-inner\"><\/div>\n\t\t<\/div>\n\t\t\t\t<\/div>\n\t\t\t\t<\/div>\n\t\t\t\t<div class=\"elementor-element elementor-element-62493a4 elementor-widget elementor-widget-heading\" data-id=\"62493a4\" data-element_type=\"widget\" data-widget_type=\"heading.default\">\n\t\t\t\t<div class=\"elementor-widget-container\">\n\t\t\t<style>\/*! elementor - v3.23.0 - 15-07-2024 *\/\n.elementor-heading-title{padding:0;margin:0;line-height:1}.elementor-widget-heading .elementor-heading-title[class*=elementor-size-]>a{color:inherit;font-size:inherit;line-height:inherit}.elementor-widget-heading .elementor-heading-title.elementor-size-small{font-size:15px}.elementor-widget-heading .elementor-heading-title.elementor-size-medium{font-size:19px}.elementor-widget-heading .elementor-heading-title.elementor-size-large{font-size:29px}.elementor-widget-heading .elementor-heading-title.elementor-size-xl{font-size:39px}.elementor-widget-heading .elementor-heading-title.elementor-size-xxl{font-size:59px}<\/style><h1 class=\"elementor-heading-title elementor-size-default\">Historial de Licitaciones 2020<\/h1>\t\t<\/div>\n\t\t\t\t<\/div>\n\t\t\t\t<div class=\"elementor-element elementor-element-3f10e60 elementor-widget elementor-widget-spacer\" data-id=\"3f10e60\" data-element_type=\"widget\" data-widget_type=\"spacer.default\">\n\t\t\t\t<div class=\"elementor-widget-container\">\n\t\t\t\t\t<div class=\"elementor-spacer\">\n\t\t\t<div class=\"elementor-spacer-inner\"><\/div>\n\t\t<\/div>\n\t\t\t\t<\/div>\n\t\t\t\t<\/div>\n\t\t\t\t\t<\/div>\n\t\t\t\t<\/div>\n\t\t<div class=\"elementor-element elementor-element-8063dd8 e-flex e-con-boxed e-con e-parent\" data-id=\"8063dd8\" data-element_type=\"container\">\n\t\t\t\t\t<div class=\"e-con-inner\">\n\t\t\t\t<div class=\"elementor-element elementor-element-455aa24 elementor-widget elementor-widget-html\" data-id=\"455aa24\" data-element_type=\"widget\" data-widget_type=\"html.default\">\n\t\t\t\t<div class=\"elementor-widget-container\">\n\t\t\t<table style=\"width: 100$;\">\r\n\t<caption>\t\r\n\t<h4><strong>SECRETAR\u00cdA DE GOBIERNO<\/strong><\/h4>\r\n<a class=\"button\" style=\"padding-top:7px; padding-bottom: 7px;margin: 2px;display: inline-block;\r\n    color: white;\r\n    border-radius: 1em;\r\n    border:none;\r\n    outline: 2px solid white;\r\n    outline-offset: 1px;\" href=\"https:\/\/qroo.gob.mx\/segob\/programas-anuales-de-adquisiciones\/\" target=\"_blank\">Programas Anuales de Adquisiciones<\/a><br \/>\r\n\t<\/caption><thead>\r\n\t\t<tr>\r\n\t\t\t<th scope=\"col\" style=\"width: 58%;\">Convocatoria de Licitaci\u00f3n<\/th>\r\n\t\t\t<th scope=\"col\" style=\"width: 22%;\" class=\"text-align-center\"><IMG SRC=\"https:\/\/qroo.gob.mx\/segob\/wp-content\/uploads\/2024\/08\/pdf-logo.gif\" style=\"height: 21px;\">&nbsp;<\/th>\r\n\t\t\t<th scope=\"col\" style=\"width: 20%;\" class=\"text-align-center\"><IMG SRC=\"https:\/\/preview.qroo.gob.mx\/segob\/wp-content\/segob\/uploads\/2021\/08\/excel.png\" style=\"height: 21px;\">&nbsp;<\/th>\r\n\t\t<\/tr>\r\n\t<\/thead>\r\n\t<tbody>\r\n\t<\/tbody>\r\n<\/table>\r\n<style>\r\ntable {border-collapse: collapse;width: 100%;color: #000000;margin: 25px 0 40px;}table{background-color: transparent;}table th{font-size: 16px;text-transform: uppercase;border: 1px solid #fff;background: #3f3f3f;   color: #ffffff;}table tr.even, table tr.odd {border-bottom: 1px solid #fff;background: #e4e4e4;font-size: 14px;}.file--application-pdf{background-image: url(https:\/\/preview.qroo.gob.mx\/core\/themes\/classy\/images\/icons\/application-pdf.png);}.file {padding-left: 20px;display: inline-block;min-height: 16px;background-repeat: no-repeat;background-position: left center;}<\/style>\t\t<\/div>\n\t\t\t\t<\/div>\n\t\t\t\t<div class=\"elementor-element elementor-element-de0b2fe elementor-widget elementor-widget-html\" data-id=\"de0b2fe\" data-element_type=\"widget\" data-widget_type=\"html.default\">\n\t\t\t\t<div class=\"elementor-widget-container\">\n\t\t\t<table style=\"width: 100%;\">\r\n<tbody>\r\n<tr class=\"odd\">\r\n<td style=\"width: 58%; padding: 5px 20px;\"><b>SEGOB\/DA\/DRM\/LP\/01\/2020: ADQUISICI\u00d3N DE FORMAS VALORADAS PARA LA DIRECCI\u00d3N GENERAL Y OFICIAL\u00cdA CENTRAL DEL REGISTRO CIVIL. <\/b><\/td>\r\n<td class=\"text-align-center\" style=\"width: 22%;\"><center>\r\n<a class=\"button\" style=\"padding-top: 6px; padding-bottom: 6px;display: inline-block;\r\n    color: white;\r\n    border-radius: 1em;\r\n    border:none;\r\n    outline: 2px solid white;\r\n    outline-offset: 1px;margin: 2px;\" href=\"https:\/\/qroo.gob.mx\/segob\/wp-content\/uploads\/2024\/10\/CONVOCATORIA_LPN01.pdf\" target=\"_blank\" rel=\"noopener noreferrer\">Convocatoria<\/a><br \/>\r\n<a class=\"button\" style=\"padding-top: 6px; padding-bottom: 6px;display: inline-block;\r\n    color: white;\r\n    border-radius: 1em;\r\n    border:none;\r\n    outline: 2px solid white;\r\n    outline-offset: 1px;margin: 2px;\" href=\"https:\/\/qroo.gob.mx\/segob\/wp-content\/uploads\/2024\/10\/BASES_LPN01_2020.pdf\" target=\"_blank\" rel=\"noopener noreferrer\">Bases<\/a>\r\n<a class=\"button\" style=\"padding-top: 6px; padding-bottom: 6px;display: inline-block;\r\n    color: white;\r\n    border-radius: 1em;\r\n    border:none;\r\n    outline: 2px solid white;\r\n    outline-offset: 1px;margin: 2px;\" href=\"https:\/\/qroo.gob.mx\/segob\/wp-content\/uploads\/2024\/10\/Acta_Aclar_01.pdf\" target=\"_blank\" rel=\"noopener noreferrer\">Acta Junta de Aclaraciones<\/a>\r\n<a class=\"button\" style=\"padding-top: 6px; padding-bottom: 6px;display: inline-block;\r\n    color: white;\r\n    border-radius: 1em;\r\n    border:none;\r\n    outline: 2px solid white;\r\n    outline-offset: 1px;margin: 2px;\" href=\"https:\/\/qroo.gob.mx\/segob\/wp-content\/uploads\/2024\/10\/APERT_LPN01.pdf\" target=\"_blank\" rel=\"noopener noreferrer\">Acta Presentaci\u00f3n y Apertura<\/a>\r\n<a class=\"button\" style=\"padding-top: 6px; padding-bottom: 6px;display: inline-block;\r\n    color: white;\r\n    border-radius: 1em;\r\n    border:none;\r\n    outline: 2px solid white;\r\n    outline-offset: 1px;margin: 2px;\" href=\"https:\/\/qroo.gob.mx\/segob\/wp-content\/uploads\/2024\/10\/FALLO_LPN01.pdf\" target=\"_blank\" rel=\"noopener noreferrer\">Acta de Fallo<\/a><\/center><\/td>\r\n<td class=\"text-align-center\" style=\"width: 20%;\"><center>\r\n<a class=\"button\" style=\"padding-top: 6px; padding-bottom: 6px;display: inline-block;\r\n    color: white;\r\n    border-radius: 1em;\r\n    border:none;\r\n    outline: 2px solid white;\r\n    outline-offset: 1px;\" href=\"https:\/\/qroo.gob.mx\/segob\/wp-content\/uploads\/2024\/10\/Formato_pago_LPN01.xlsx\">Ficha Pago<\/a><\/center><b>( Imprimir Comprobante y Tal\u00f3n del documento Excel)<\/b><\/td>\r\n<\/tr>\r\n<\/tbody>\r\n<\/table>\r\n<style>\r\ntable {border-collapse: collapse;width: 100%;color: #000000;margin: 25px 0 40px;}table{background-color: transparent;}table th{font-size: 16px;text-transform: uppercase;border: 1px solid #fff;background: #3f3f3f;   color: #ffffff;}table tr.even, table tr.odd {border-bottom: 1px solid #fff;background: #e4e4e4;font-size: 14px;}.file--application-pdf{background-image: url(https:\/\/preview.qroo.gob.mx\/core\/themes\/classy\/images\/icons\/application-pdf.png);}.file {padding-left: 20px;display: inline-block;min-height: 16px;background-repeat: no-repeat;background-position: left center;}<\/style>\t\t<\/div>\n\t\t\t\t<\/div>\n\t\t\t\t<div class=\"elementor-element elementor-element-f84ad6d elementor-widget elementor-widget-spacer\" data-id=\"f84ad6d\" data-element_type=\"widget\" data-widget_type=\"spacer.default\">\n\t\t\t\t<div class=\"elementor-widget-container\">\n\t\t\t\t\t<div class=\"elementor-spacer\">\n\t\t\t<div class=\"elementor-spacer-inner\"><\/div>\n\t\t<\/div>\n\t\t\t\t<\/div>\n\t\t\t\t<\/div>\n\t\t\t\t\t<\/div>\n\t\t\t\t<\/div>\n\t\t<div class=\"elementor-element elementor-element-b3eaca6 e-flex e-con-boxed e-con e-parent\" data-id=\"b3eaca6\" data-element_type=\"container\">\n\t\t\t\t\t<div class=\"e-con-inner\">\n\t\t\t\t<div class=\"elementor-element elementor-element-e56980e elementor-widget elementor-widget-html\" data-id=\"e56980e\" data-element_type=\"widget\" data-widget_type=\"html.default\">\n\t\t\t\t<div class=\"elementor-widget-container\">\n\t\t\t<table style=\"width: 100$;\" border=\"0\">\r\n  <tbody>\r\n <!-----------------------------------Historial de Licitaciones---------------------------------->\r\n               <tr>\r\n                       <td class=\"text-align-center\" style=\"width: 25px;\"  align=\"centere\" colspan=\"3\"><center>\r\n                       <a class=\"button\" style=\"padding-top: 6px; padding-bottom: 6px;display: inline-block;\r\n    color: white;\r\n    border-radius: 1em;\r\n    border:none;\r\n    outline: 2px solid white;\r\n    outline-offset: 1px;margin: 2px;\" href=\"https:\/\/qroo.gob.mx\/segob\/convocatorias-y-bases-de-licitacion\">Convocatorias y Bases de Licitaci\u00f3n<\/a><\/center><\/td>\r\n               <\/tr>\r\n               <tr> \r\n                        <td class=\"text-align-center\" style=\"width: 25px;\"  align=\"centere\" ><center>\r\n                         <a class=\"button\" style=\"padding-top: 6px; padding-bottom: 6px;display: inline-block;\r\n    color: white;\r\n    border-radius: 1em;\r\n    border:none;\r\n    outline: 2px solid white;\r\n    outline-offset: 1px;margin: 2px;\" href=\"https:\/\/qroo.gob.mx\/segob\/historial-de-licitaciones-2022\">Historial de Licitaciones 2022<\/a><\/center><\/td>\r\n\r\n                        <td class=\"text-align-center\" style=\"width: 25px;\"align=\"centere\" valign=\"middle\"><center>\r\n                         <a class=\"button\" style=\"padding-top: 6px; padding-bottom: 6px;display: inline-block;\r\n    color: white;\r\n    border-radius: 1em;\r\n    border:none;\r\n    outline: 2px solid white;\r\n    outline-offset: 1px;margin: 2px;\" href=\"https:\/\/qroo.gob.mx\/segob\/historial-de-licitaciones-2021\">Historial de Licitaciones 2021<\/a><\/center><\/td>\r\n               <\/tr>\r\n               <tr>             \r\n                        <td class=\"text-align-center\" style=\"width: 25px;\" align=\"centere\" valign=\"middle\"><center>\r\n                                 <a class=\"button\" style=\"padding-top: 6px; padding-bottom: 6px;display: inline-block;\r\n    color: white;\r\n    border-radius: 1em;\r\n    border:none;\r\n    outline: 2px solid white;\r\n    outline-offset: 1px;margin: 2px;\" href=\"https:\/\/qroo.gob.mx\/segob\/historial-de-licitaciones-2020\">Historial de Licitaciones 2020<\/a><br \/>\r\n                                 <\/center>\r\n                        <\/td> \r\n  \r\n                        <td class=\"text-align-center\" style=\"width: 25px;\"valign=\"middle\"><center>\r\n                                 <a class=\"button\" style=\"padding-top: 6px; padding-bottom: 6px;display: inline-block;\r\n    color: white;\r\n    border-radius: 1em;\r\n    border:none;\r\n    outline: 2px solid white;\r\n    outline-offset: 1px;margin: 2px;\" href=\"https:\/\/qroo.gob.mx\/segob\/historial-de-licitaciones-2019\">Historial de Licitaciones 2019<\/a><br \/>\r\n                                 <\/center>\r\n                        <\/td>         \r\n      <td class=\"text-align-center\" style=\"width: 25px;\"  valign=\"middle\"><center>\r\n                                 <a class=\"button\" style=\"padding-top: 6px; padding-bottom: 6px;display: inline-block;\r\n    color: white;\r\n    border-radius: 1em;\r\n    border:none;\r\n    outline: 2px solid white;\r\n    outline-offset: 1px;margin: 2px;\" href=\"https:\/\/qroo.gob.mx\/segob\/historial-de-licitaciones-2018\">Historial de Licitaciones 2018<\/a><br \/>\r\n                                 <\/center>\r\n                        <\/td>   \r\n    <\/tr>\r\n  <\/tbody>\r\n<\/table>\t\t<\/div>\n\t\t\t\t<\/div>\n\t\t\t\t\t<\/div>\n\t\t\t\t<\/div>\n\t\t\t\t<\/div>\n\t\t","protected":false},"excerpt":{"rendered":"<p>Historial de Licitaciones 2020 SECRETAR\u00cdA DE GOBIERNO Programas Anuales de Adquisiciones Convocatoria de Licitaci\u00f3n &nbsp; &nbsp; SEGOB\/DA\/DRM\/LP\/01\/2020: ADQUISICI\u00d3N DE FORMAS VALORADAS PARA LA DIRECCI\u00d3N GENERAL Y OFICIAL\u00cdA CENTRAL DEL REGISTRO CIVIL. Convocatoria Bases Acta Junta de Aclaraciones Acta Presentaci\u00f3n y Apertura Acta de Fallo Ficha Pago( Imprimir Comprobante y Tal\u00f3n del documento Excel) Convocatorias y &#8230; <a title=\"Historial de Licitaciones 2020\" class=\"read-more\" href=\"https:\/\/qroo.gob.mx\/segob\/historial-de-licitaciones-2020\/\" aria-label=\"Leer m\u00e1s sobre Historial de Licitaciones 2020\">Leer m\u00e1s<\/a><\/p>\n","protected":false},"author":3,"featured_media":0,"parent":0,"menu_order":0,"comment_status":"closed","ping_status":"closed","template":"","meta":{"footnotes":""},"class_list":["post-39058","page","type-page","status-publish"],"yoast_head":"<!-- This site is optimized with the Yoast SEO plugin v23.0 - https:\/\/yoast.com\/wordpress\/plugins\/seo\/ -->\n<title>Historial de Licitaciones 2020 - Secretar\u00eda de Gobierno<\/title>\n<meta name=\"robots\" content=\"noindex, follow, max-snippet:-1, max-image-preview:large, max-video-preview:-1\" \/>\n<meta property=\"og:locale\" content=\"es_MX\" \/>\n<meta property=\"og:type\" content=\"article\" \/>\n<meta property=\"og:title\" content=\"Historial de Licitaciones 2020 - Secretar\u00eda de Gobierno\" \/>\n<meta property=\"og:description\" content=\"Historial de Licitaciones 2020 SECRETAR\u00cdA DE GOBIERNO Programas Anuales de Adquisiciones Convocatoria de Licitaci\u00f3n &nbsp; &nbsp; SEGOB\/DA\/DRM\/LP\/01\/2020: ADQUISICI\u00d3N DE FORMAS VALORADAS PARA LA DIRECCI\u00d3N GENERAL Y OFICIAL\u00cdA CENTRAL DEL REGISTRO CIVIL. Convocatoria Bases Acta Junta de Aclaraciones Acta Presentaci\u00f3n y Apertura Acta de Fallo Ficha Pago( Imprimir Comprobante y Tal\u00f3n del documento Excel) Convocatorias y ... Leer m\u00e1s\" \/>\n<meta property=\"og:url\" content=\"https:\/\/qroo.gob.mx\/segob\/historial-de-licitaciones-2020\/\" \/>\n<meta property=\"og:site_name\" content=\"Secretar\u00eda de Gobierno\" \/>\n<meta property=\"article:modified_time\" content=\"2024-10-21T18:51:52+00:00\" \/>\n<meta name=\"twitter:card\" content=\"summary_large_image\" \/>\n<meta name=\"twitter:label1\" content=\"Tiempo de lectura\" \/>\n\t<meta name=\"twitter:data1\" content=\"1 minuto\" \/>\n<script type=\"application\/ld+json\" class=\"yoast-schema-graph\">{\"@context\":\"https:\/\/schema.org\",\"@graph\":[{\"@type\":\"WebPage\",\"@id\":\"https:\/\/qroo.gob.mx\/segob\/historial-de-licitaciones-2020\/\",\"url\":\"https:\/\/qroo.gob.mx\/segob\/historial-de-licitaciones-2020\/\",\"name\":\"Historial de Licitaciones 2020 - Secretar\u00eda de Gobierno\",\"isPartOf\":{\"@id\":\"https:\/\/qroo.gob.mx\/segob\/#website\"},\"datePublished\":\"2024-09-10T21:41:26+00:00\",\"dateModified\":\"2024-10-21T18:51:52+00:00\",\"breadcrumb\":{\"@id\":\"https:\/\/qroo.gob.mx\/segob\/historial-de-licitaciones-2020\/#breadcrumb\"},\"inLanguage\":\"es\",\"potentialAction\":[{\"@type\":\"ReadAction\",\"target\":[\"https:\/\/qroo.gob.mx\/segob\/historial-de-licitaciones-2020\/\"]}]},{\"@type\":\"BreadcrumbList\",\"@id\":\"https:\/\/qroo.gob.mx\/segob\/historial-de-licitaciones-2020\/#breadcrumb\",\"itemListElement\":[{\"@type\":\"ListItem\",\"position\":1,\"name\":\"Inicio\",\"item\":\"https:\/\/qroo.gob.mx\/segob\/\"},{\"@type\":\"ListItem\",\"position\":2,\"name\":\"Historial de Licitaciones 2020\"}]},{\"@type\":\"WebSite\",\"@id\":\"https:\/\/qroo.gob.mx\/segob\/#website\",\"url\":\"https:\/\/qroo.gob.mx\/segob\/\",\"name\":\"Secretar\u00eda de Gobierno\",\"description\":\"\",\"publisher\":{\"@id\":\"https:\/\/qroo.gob.mx\/segob\/#organization\"},\"potentialAction\":[{\"@type\":\"SearchAction\",\"target\":{\"@type\":\"EntryPoint\",\"urlTemplate\":\"https:\/\/qroo.gob.mx\/segob\/?s={search_term_string}\"},\"query-input\":\"required name=search_term_string\"}],\"inLanguage\":\"es\"},{\"@type\":\"Organization\",\"@id\":\"https:\/\/qroo.gob.mx\/segob\/#organization\",\"name\":\"Secretar\u00eda de Gobierno\",\"url\":\"https:\/\/qroo.gob.mx\/segob\/\",\"logo\":{\"@type\":\"ImageObject\",\"inLanguage\":\"es\",\"@id\":\"https:\/\/qroo.gob.mx\/segob\/#\/schema\/logo\/image\/\",\"url\":\"https:\/\/qroo.gob.mx\/segob\/wp-content\/uploads\/2024\/05\/cropped-SEGOB.png\",\"contentUrl\":\"https:\/\/qroo.gob.mx\/segob\/wp-content\/uploads\/2024\/05\/cropped-SEGOB.png\",\"width\":1613,\"height\":745,\"caption\":\"Secretar\u00eda de Gobierno\"},\"image\":{\"@id\":\"https:\/\/qroo.gob.mx\/segob\/#\/schema\/logo\/image\/\"}}]}<\/script>\n<!-- \/ Yoast SEO plugin. -->","yoast_head_json":{"title":"Historial de Licitaciones 2020 - Secretar\u00eda de Gobierno","robots":{"index":"noindex","follow":"follow","max-snippet":"max-snippet:-1","max-image-preview":"max-image-preview:large","max-video-preview":"max-video-preview:-1"},"og_locale":"es_MX","og_type":"article","og_title":"Historial de Licitaciones 2020 - Secretar\u00eda de Gobierno","og_description":"Historial de Licitaciones 2020 SECRETAR\u00cdA DE GOBIERNO Programas Anuales de Adquisiciones Convocatoria de Licitaci\u00f3n &nbsp; &nbsp; SEGOB\/DA\/DRM\/LP\/01\/2020: ADQUISICI\u00d3N DE FORMAS VALORADAS PARA LA DIRECCI\u00d3N GENERAL Y OFICIAL\u00cdA CENTRAL DEL REGISTRO CIVIL. Convocatoria Bases Acta Junta de Aclaraciones Acta Presentaci\u00f3n y Apertura Acta de Fallo Ficha Pago( Imprimir Comprobante y Tal\u00f3n del documento Excel) Convocatorias y ... Leer m\u00e1s","og_url":"https:\/\/qroo.gob.mx\/segob\/historial-de-licitaciones-2020\/","og_site_name":"Secretar\u00eda de Gobierno","article_modified_time":"2024-10-21T18:51:52+00:00","twitter_card":"summary_large_image","twitter_misc":{"Tiempo de lectura":"1 minuto"},"schema":{"@context":"https:\/\/schema.org","@graph":[{"@type":"WebPage","@id":"https:\/\/qroo.gob.mx\/segob\/historial-de-licitaciones-2020\/","url":"https:\/\/qroo.gob.mx\/segob\/historial-de-licitaciones-2020\/","name":"Historial de Licitaciones 2020 - Secretar\u00eda de Gobierno","isPartOf":{"@id":"https:\/\/qroo.gob.mx\/segob\/#website"},"datePublished":"2024-09-10T21:41:26+00:00","dateModified":"2024-10-21T18:51:52+00:00","breadcrumb":{"@id":"https:\/\/qroo.gob.mx\/segob\/historial-de-licitaciones-2020\/#breadcrumb"},"inLanguage":"es","potentialAction":[{"@type":"ReadAction","target":["https:\/\/qroo.gob.mx\/segob\/historial-de-licitaciones-2020\/"]}]},{"@type":"BreadcrumbList","@id":"https:\/\/qroo.gob.mx\/segob\/historial-de-licitaciones-2020\/#breadcrumb","itemListElement":[{"@type":"ListItem","position":1,"name":"Inicio","item":"https:\/\/qroo.gob.mx\/segob\/"},{"@type":"ListItem","position":2,"name":"Historial de Licitaciones 2020"}]},{"@type":"WebSite","@id":"https:\/\/qroo.gob.mx\/segob\/#website","url":"https:\/\/qroo.gob.mx\/segob\/","name":"Secretar\u00eda de Gobierno","description":"","publisher":{"@id":"https:\/\/qroo.gob.mx\/segob\/#organization"},"potentialAction":[{"@type":"SearchAction","target":{"@type":"EntryPoint","urlTemplate":"https:\/\/qroo.gob.mx\/segob\/?s={search_term_string}"},"query-input":"required name=search_term_string"}],"inLanguage":"es"},{"@type":"Organization","@id":"https:\/\/qroo.gob.mx\/segob\/#organization","name":"Secretar\u00eda de Gobierno","url":"https:\/\/qroo.gob.mx\/segob\/","logo":{"@type":"ImageObject","inLanguage":"es","@id":"https:\/\/qroo.gob.mx\/segob\/#\/schema\/logo\/image\/","url":"https:\/\/qroo.gob.mx\/segob\/wp-content\/uploads\/2024\/05\/cropped-SEGOB.png","contentUrl":"https:\/\/qroo.gob.mx\/segob\/wp-content\/uploads\/2024\/05\/cropped-SEGOB.png","width":1613,"height":745,"caption":"Secretar\u00eda de Gobierno"},"image":{"@id":"https:\/\/qroo.gob.mx\/segob\/#\/schema\/logo\/image\/"}}]}},"_links":{"self":[{"href":"https:\/\/qroo.gob.mx\/segob\/wp-json\/wp\/v2\/pages\/39058"}],"collection":[{"href":"https:\/\/qroo.gob.mx\/segob\/wp-json\/wp\/v2\/pages"}],"about":[{"href":"https:\/\/qroo.gob.mx\/segob\/wp-json\/wp\/v2\/types\/page"}],"author":[{"embeddable":true,"href":"https:\/\/qroo.gob.mx\/segob\/wp-json\/wp\/v2\/users\/3"}],"replies":[{"embeddable":true,"href":"https:\/\/qroo.gob.mx\/segob\/wp-json\/wp\/v2\/comments?post=39058"}],"version-history":[{"count":37,"href":"https:\/\/qroo.gob.mx\/segob\/wp-json\/wp\/v2\/pages\/39058\/revisions"}],"predecessor-version":[{"id":40117,"href":"https:\/\/qroo.gob.mx\/segob\/wp-json\/wp\/v2\/pages\/39058\/revisions\/40117"}],"wp:attachment":[{"href":"https:\/\/qroo.gob.mx\/segob\/wp-json\/wp\/v2\/media?parent=39058"}],"curies":[{"name":"wp","href":"https:\/\/api.w.org\/{rel}","templated":true}]}}