{"id":36555,"date":"2024-08-23T19:21:50","date_gmt":"2024-08-24T00:21:50","guid":{"rendered":"https:\/\/qroo.gob.mx\/segob\/?page_id=36555"},"modified":"2024-08-23T20:20:42","modified_gmt":"2024-08-24T01:20:42","slug":"evaluacion-de-desempeno-de-fondo-programas-presupuestarios-segobevaluacion-de-desempeno-de-fondo-programas-presupuestarios-segob","status":"publish","type":"page","link":"https:\/\/qroo.gob.mx\/segob\/evaluacion-de-desempeno-de-fondo-programas-presupuestarios-segobevaluacion-de-desempeno-de-fondo-programas-presupuestarios-segob\/","title":{"rendered":"EVALUACI\u00d3N DE DESEMPE\u00d1O DE FONDO\/PROGRAMAS PRESUPUESTARIOS SEGOBEVALUACI\u00d3N DE DESEMPE\u00d1O DE FONDO\/PROGRAMAS PRESUPUESTARIOS SEGOB"},"content":{"rendered":"\t\t<div data-elementor-type=\"wp-page\" data-elementor-id=\"36555\" class=\"elementor elementor-36555\">\n\t\t\t\t<div class=\"elementor-element elementor-element-c80cd2a e-flex e-con-boxed e-con e-parent\" data-id=\"c80cd2a\" data-element_type=\"container\">\n\t\t\t\t\t<div class=\"e-con-inner\">\n\t\t\t\t<div class=\"elementor-element elementor-element-be744ed elementor-widget elementor-widget-heading\" data-id=\"be744ed\" data-element_type=\"widget\" data-widget_type=\"heading.default\">\n\t\t\t\t<div class=\"elementor-widget-container\">\n\t\t\t<style>\/*! elementor - v3.23.0 - 15-07-2024 *\/\n.elementor-heading-title{padding:0;margin:0;line-height:1}.elementor-widget-heading .elementor-heading-title[class*=elementor-size-]>a{color:inherit;font-size:inherit;line-height:inherit}.elementor-widget-heading .elementor-heading-title.elementor-size-small{font-size:15px}.elementor-widget-heading .elementor-heading-title.elementor-size-medium{font-size:19px}.elementor-widget-heading .elementor-heading-title.elementor-size-large{font-size:29px}.elementor-widget-heading .elementor-heading-title.elementor-size-xl{font-size:39px}.elementor-widget-heading .elementor-heading-title.elementor-size-xxl{font-size:59px}<\/style><h2 class=\"elementor-heading-title elementor-size-default\">EVALUACI\u00d3N DE DESEMPE\u00d1O DE FONDO\/PROGRAMAS PRESUPUESTARIOS SEGOB<\/h2>\t\t<\/div>\n\t\t\t\t<\/div>\n\t\t\t\t<div class=\"elementor-element elementor-element-d28c0da elementor-widget elementor-widget-html\" data-id=\"d28c0da\" data-element_type=\"widget\" data-widget_type=\"html.default\">\n\t\t\t\t<div class=\"elementor-widget-container\">\n\t\t\t<div class=\"field field--name-field-gen-adjuntos field--type-file field--label-above\">\r\n<div class=\"field__label\r\n<div class=\"field__items\">\r\n<div class=\"field__item\">\r\n<table data-striping=\"1\">\r\n<thead>\r\n<tr>\r\n<th>Adjunto<\/th>\r\n<th>Tama\u00f1o<\/th>\r\n<\/tr>\r\n<\/thead>\r\n<tbody>\r\n<tr class=\"odd\">\r\n<td><span class=\"file file--mime-application-pdf file--application-pdf\"> <a href=\"https:\/\/preview.qroo.gob.mx\/segob\/wp-content\/segob\/uploads\/2021\/01\/Documento-de-Trabajo-ASM-programa-E033-Gobernabilidad.pdf\" type=\"application\/pdf; length=4946715\">Documento de Trabajo ASM programa E033 -Gobernabilidad.pdf<\/a><\/span><\/td>\r\n<td>4.72 MB<\/td>\r\n<\/tr>\r\n<tr class=\"even\">\r\n<td><span class=\"file file--mime-application-pdf file--application-pdf\"> <a href=\"https:\/\/preview.qroo.gob.mx\/segob\/wp-content\/segob\/uploads\/2021\/01\/Posici\u00f3n-Institucional-Pp-E033-Gobernabilidad.pdf\" type=\"application\/pdf; length=5125210\">Posici\u00f3n Institucional Pp E033 Gobernabilidad.pdf<\/a><\/span><\/td>\r\n<td>4.89 MB<\/td>\r\n<\/tr>\r\n<tr class=\"odd\">\r\n<td><span class=\"file file--mime-application-pdf file--application-pdf\"> <a href=\"https:\/\/preview.qroo.gob.mx\/segob\/wp-content\/segob\/uploads\/2021\/01\/Posici\u00f3n-Institucional-Pp-E095-Participaci\u00f3n-Ciudadana.pdf\" type=\"application\/pdf; length=2802462\">Posici\u00f3n Institucional Pp E095 Participaci\u00f3n Ciudadana.pdf<\/a><\/span><\/td>\r\n<td>2.67 MB<\/td>\r\n<\/tr>\r\n<tr class=\"even\">\r\n<td><span class=\"file file--mime-application-vnd-openxmlformats-officedocument-wordprocessingml-document file--x-office-document\"> <a href=\"https:\/\/preview.qroo.gob.mx\/segob\/wp-content\/segob\/uploads\/2021\/01\/IF_EED_E033-GOBERNABILIDAD_2019.docx\" type=\"application\/vnd.openxmlformats-officedocument.wordprocessingml.document; length=60097\">IE_EED_E033 GOBERNABILIDAD_2019.docx<\/a><\/span><\/td>\r\n<td>58.69 KB<\/td>\r\n<\/tr>\r\n<tr class=\"odd\">\r\n<td><span class=\"file file--mime-application-pdf file--application-pdf\"> <a href=\"https:\/\/preview.qroo.gob.mx\/segob\/wp-content\/segob\/uploads\/2021\/01\/IF_EED_E033-GOBERNABILIDAD_2019.pdf\" type=\"application\/pdf; length=351127\">IE_EED_E033 GOBERNABILIDAD_2019.pdf<\/a><\/span><\/td>\r\n<td>342.9 KB<\/td>\r\n<\/tr>\r\n<tr class=\"even\">\r\n<td><span class=\"file file--mime-application-vnd-openxmlformats-officedocument-wordprocessingml-document file--x-office-document\"> <a href=\"https:\/\/preview.qroo.gob.mx\/segob\/wp-content\/segob\/uploads\/2021\/01\/IF_EED_E095-PARTICIPACIONCIUDADANA_2019.docx\" type=\"application\/vnd.openxmlformats-officedocument.wordprocessingml.document; length=60506\">IE_EED_E095 PARTICIPACIONCIUDADANA_2019.docx<\/a><\/span><\/td>\r\n<td>59.09 KB<\/td>\r\n<\/tr>\r\n<tr class=\"odd\">\r\n<td><span class=\"file file--mime-application-pdf file--application-pdf\"> <a href=\"https:\/\/preview.qroo.gob.mx\/segob\/wp-content\/segob\/uploads\/2021\/01\/IF_EED_E095-PARTICIPACIONCIUDADANA_2019.pdf\" type=\"application\/pdf; length=370481\">IF_EED_E095 PARTICIPACIONCIUDADANA_2019.pdf<\/a><\/span><\/td>\r\n<td>361.8 KB<\/td>\r\n<\/tr>\r\n<tr class=\"even\">\r\n<td><span class=\"file file--mime-application-vnd-openxmlformats-officedocument-wordprocessingml-document file--x-office-document\"> <a href=\"https:\/\/preview.qroo.gob.mx\/segob\/wp-content\/segob\/uploads\/2021\/01\/IF_EED_E033-GOBERNABILIDAD_2019.docx\" type=\"application\/vnd.openxmlformats-officedocument.wordprocessingml.document; length=2771843\">IF_EED_E033 GOBERNABILIDAD_2019.docx<\/a><\/span><\/td>\r\n<td>2.64 MB<\/td>\r\n<\/tr>\r\n<tr class=\"odd\">\r\n<td><span class=\"file file--mime-application-pdf file--application-pdf\"> <a href=\"https:\/\/preview.qroo.gob.mx\/segob\/wp-content\/segob\/uploads\/2021\/01\/IF_EED_E033-GOBERNABILIDAD_2019.pdf\" type=\"application\/pdf; length=2649369\">IF_EED_E033 GOBERNABILIDAD_2019.pdf<\/a><\/span><\/td>\r\n<td>2.53 MB<\/td>\r\n<\/tr>\r\n<tr class=\"even\">\r\n<td><span class=\"file file--mime-application-vnd-openxmlformats-officedocument-wordprocessingml-document file--x-office-document\"> <a href=\"https:\/\/preview.qroo.gob.mx\/segob\/wp-content\/segob\/uploads\/2021\/01\/IF_EED_E095-PARTICIPACIONCIUDADANA_2019.docx\" type=\"application\/vnd.openxmlformats-officedocument.wordprocessingml.document; length=2918735\">IF_EED_E095 PARTICIPACIONCIUDADANA_2019.docx<\/a><\/span><\/td>\r\n<td>2.78 MB<\/td>\r\n<\/tr>\r\n<tr class=\"odd\">\r\n<td><span class=\"file file--mime-application-pdf file--application-pdf\"> <a href=\"https:\/\/preview.qroo.gob.mx\/segob\/wp-content\/segob\/uploads\/2021\/01\/IF_EED_E095-PARTICIPACIONCIUDADANA_2019.pdf\" type=\"application\/pdf; length=2647841\">IF_EED_E095 PARTICIPACIONCIUDADANA_2019.pdf<\/a><\/span><\/td>\r\n<td>2.53 MB<\/td>\r\n<\/tr>\r\n<\/tbody>\r\n<\/table>\r\n<\/div>\r\n<\/div>\r\n<\/div>\t\t<\/div>\n\t\t\t\t<\/div>\n\t\t\t\t\t<\/div>\n\t\t\t\t<\/div>\n\t\t\t\t<\/div>\n\t\t","protected":false},"excerpt":{"rendered":"<p>EVALUACI\u00d3N DE DESEMPE\u00d1O DE FONDO\/PROGRAMAS PRESUPUESTARIOS SEGOB Adjunto Tama\u00f1o Documento de Trabajo ASM programa E033 -Gobernabilidad.pdf 4.72 MB Posici\u00f3n Institucional Pp E033 Gobernabilidad.pdf 4.89 MB Posici\u00f3n Institucional Pp E095 Participaci\u00f3n Ciudadana.pdf 2.67 MB IE_EED_E033 GOBERNABILIDAD_2019.docx 58.69 KB IE_EED_E033 GOBERNABILIDAD_2019.pdf 342.9 KB IE_EED_E095 PARTICIPACIONCIUDADANA_2019.docx 59.09 KB IF_EED_E095 PARTICIPACIONCIUDADANA_2019.pdf 361.8 KB IF_EED_E033 GOBERNABILIDAD_2019.docx 2.64 MB IF_EED_E033 GOBERNABILIDAD_2019.pdf &#8230; <a title=\"EVALUACI\u00d3N DE DESEMPE\u00d1O DE FONDO\/PROGRAMAS PRESUPUESTARIOS SEGOBEVALUACI\u00d3N DE DESEMPE\u00d1O DE FONDO\/PROGRAMAS PRESUPUESTARIOS SEGOB\" class=\"read-more\" href=\"https:\/\/qroo.gob.mx\/segob\/evaluacion-de-desempeno-de-fondo-programas-presupuestarios-segobevaluacion-de-desempeno-de-fondo-programas-presupuestarios-segob\/\" aria-label=\"Leer m\u00e1s sobre EVALUACI\u00d3N DE DESEMPE\u00d1O DE FONDO\/PROGRAMAS PRESUPUESTARIOS SEGOBEVALUACI\u00d3N DE DESEMPE\u00d1O DE FONDO\/PROGRAMAS PRESUPUESTARIOS SEGOB\">Leer m\u00e1s<\/a><\/p>\n","protected":false},"author":4,"featured_media":0,"parent":0,"menu_order":0,"comment_status":"closed","ping_status":"closed","template":"","meta":{"footnotes":""},"class_list":["post-36555","page","type-page","status-publish"],"yoast_head":"<!-- This site is optimized with the Yoast SEO plugin v23.0 - https:\/\/yoast.com\/wordpress\/plugins\/seo\/ -->\n<title>EVALUACI\u00d3N DE DESEMPE\u00d1O DE FONDO\/PROGRAMAS PRESUPUESTARIOS SEGOBEVALUACI\u00d3N DE DESEMPE\u00d1O DE FONDO\/PROGRAMAS PRESUPUESTARIOS SEGOB - Secretar\u00eda de Gobierno<\/title>\n<meta name=\"robots\" content=\"noindex, follow, max-snippet:-1, max-image-preview:large, max-video-preview:-1\" \/>\n<meta property=\"og:locale\" content=\"es_MX\" \/>\n<meta property=\"og:type\" content=\"article\" \/>\n<meta property=\"og:title\" content=\"EVALUACI\u00d3N DE DESEMPE\u00d1O DE FONDO\/PROGRAMAS PRESUPUESTARIOS SEGOBEVALUACI\u00d3N DE DESEMPE\u00d1O DE FONDO\/PROGRAMAS PRESUPUESTARIOS SEGOB - Secretar\u00eda de Gobierno\" \/>\n<meta property=\"og:description\" content=\"EVALUACI\u00d3N DE DESEMPE\u00d1O DE FONDO\/PROGRAMAS PRESUPUESTARIOS SEGOB Adjunto Tama\u00f1o Documento de Trabajo ASM programa E033 -Gobernabilidad.pdf 4.72 MB Posici\u00f3n Institucional Pp E033 Gobernabilidad.pdf 4.89 MB Posici\u00f3n Institucional Pp E095 Participaci\u00f3n Ciudadana.pdf 2.67 MB IE_EED_E033 GOBERNABILIDAD_2019.docx 58.69 KB IE_EED_E033 GOBERNABILIDAD_2019.pdf 342.9 KB IE_EED_E095 PARTICIPACIONCIUDADANA_2019.docx 59.09 KB IF_EED_E095 PARTICIPACIONCIUDADANA_2019.pdf 361.8 KB IF_EED_E033 GOBERNABILIDAD_2019.docx 2.64 MB IF_EED_E033 GOBERNABILIDAD_2019.pdf ... Leer m\u00e1s\" \/>\n<meta property=\"og:url\" content=\"https:\/\/qroo.gob.mx\/segob\/evaluacion-de-desempeno-de-fondo-programas-presupuestarios-segobevaluacion-de-desempeno-de-fondo-programas-presupuestarios-segob\/\" \/>\n<meta property=\"og:site_name\" content=\"Secretar\u00eda de Gobierno\" \/>\n<meta property=\"article:modified_time\" content=\"2024-08-24T01:20:42+00:00\" \/>\n<meta name=\"twitter:card\" content=\"summary_large_image\" \/>\n<meta name=\"twitter:label1\" content=\"Tiempo de lectura\" \/>\n\t<meta name=\"twitter:data1\" content=\"1 minuto\" \/>\n<script type=\"application\/ld+json\" class=\"yoast-schema-graph\">{\"@context\":\"https:\/\/schema.org\",\"@graph\":[{\"@type\":\"WebPage\",\"@id\":\"https:\/\/qroo.gob.mx\/segob\/evaluacion-de-desempeno-de-fondo-programas-presupuestarios-segobevaluacion-de-desempeno-de-fondo-programas-presupuestarios-segob\/\",\"url\":\"https:\/\/qroo.gob.mx\/segob\/evaluacion-de-desempeno-de-fondo-programas-presupuestarios-segobevaluacion-de-desempeno-de-fondo-programas-presupuestarios-segob\/\",\"name\":\"EVALUACI\u00d3N DE DESEMPE\u00d1O DE FONDO\/PROGRAMAS PRESUPUESTARIOS SEGOBEVALUACI\u00d3N DE DESEMPE\u00d1O DE FONDO\/PROGRAMAS PRESUPUESTARIOS SEGOB - Secretar\u00eda de Gobierno\",\"isPartOf\":{\"@id\":\"https:\/\/qroo.gob.mx\/segob\/#website\"},\"datePublished\":\"2024-08-24T00:21:50+00:00\",\"dateModified\":\"2024-08-24T01:20:42+00:00\",\"breadcrumb\":{\"@id\":\"https:\/\/qroo.gob.mx\/segob\/evaluacion-de-desempeno-de-fondo-programas-presupuestarios-segobevaluacion-de-desempeno-de-fondo-programas-presupuestarios-segob\/#breadcrumb\"},\"inLanguage\":\"es\",\"potentialAction\":[{\"@type\":\"ReadAction\",\"target\":[\"https:\/\/qroo.gob.mx\/segob\/evaluacion-de-desempeno-de-fondo-programas-presupuestarios-segobevaluacion-de-desempeno-de-fondo-programas-presupuestarios-segob\/\"]}]},{\"@type\":\"BreadcrumbList\",\"@id\":\"https:\/\/qroo.gob.mx\/segob\/evaluacion-de-desempeno-de-fondo-programas-presupuestarios-segobevaluacion-de-desempeno-de-fondo-programas-presupuestarios-segob\/#breadcrumb\",\"itemListElement\":[{\"@type\":\"ListItem\",\"position\":1,\"name\":\"Inicio\",\"item\":\"https:\/\/qroo.gob.mx\/segob\/\"},{\"@type\":\"ListItem\",\"position\":2,\"name\":\"EVALUACI\u00d3N DE DESEMPE\u00d1O DE FONDO\/PROGRAMAS PRESUPUESTARIOS SEGOBEVALUACI\u00d3N DE DESEMPE\u00d1O DE FONDO\/PROGRAMAS PRESUPUESTARIOS SEGOB\"}]},{\"@type\":\"WebSite\",\"@id\":\"https:\/\/qroo.gob.mx\/segob\/#website\",\"url\":\"https:\/\/qroo.gob.mx\/segob\/\",\"name\":\"Secretar\u00eda de Gobierno\",\"description\":\"\",\"publisher\":{\"@id\":\"https:\/\/qroo.gob.mx\/segob\/#organization\"},\"potentialAction\":[{\"@type\":\"SearchAction\",\"target\":{\"@type\":\"EntryPoint\",\"urlTemplate\":\"https:\/\/qroo.gob.mx\/segob\/?s={search_term_string}\"},\"query-input\":\"required name=search_term_string\"}],\"inLanguage\":\"es\"},{\"@type\":\"Organization\",\"@id\":\"https:\/\/qroo.gob.mx\/segob\/#organization\",\"name\":\"Secretar\u00eda de Gobierno\",\"url\":\"https:\/\/qroo.gob.mx\/segob\/\",\"logo\":{\"@type\":\"ImageObject\",\"inLanguage\":\"es\",\"@id\":\"https:\/\/qroo.gob.mx\/segob\/#\/schema\/logo\/image\/\",\"url\":\"https:\/\/qroo.gob.mx\/segob\/wp-content\/uploads\/2024\/05\/cropped-SEGOB.png\",\"contentUrl\":\"https:\/\/qroo.gob.mx\/segob\/wp-content\/uploads\/2024\/05\/cropped-SEGOB.png\",\"width\":1613,\"height\":745,\"caption\":\"Secretar\u00eda de Gobierno\"},\"image\":{\"@id\":\"https:\/\/qroo.gob.mx\/segob\/#\/schema\/logo\/image\/\"}}]}<\/script>\n<!-- \/ Yoast SEO plugin. -->","yoast_head_json":{"title":"EVALUACI\u00d3N DE DESEMPE\u00d1O DE FONDO\/PROGRAMAS PRESUPUESTARIOS SEGOBEVALUACI\u00d3N DE DESEMPE\u00d1O DE FONDO\/PROGRAMAS PRESUPUESTARIOS SEGOB - Secretar\u00eda de Gobierno","robots":{"index":"noindex","follow":"follow","max-snippet":"max-snippet:-1","max-image-preview":"max-image-preview:large","max-video-preview":"max-video-preview:-1"},"og_locale":"es_MX","og_type":"article","og_title":"EVALUACI\u00d3N DE DESEMPE\u00d1O DE FONDO\/PROGRAMAS PRESUPUESTARIOS SEGOBEVALUACI\u00d3N DE DESEMPE\u00d1O DE FONDO\/PROGRAMAS PRESUPUESTARIOS SEGOB - Secretar\u00eda de Gobierno","og_description":"EVALUACI\u00d3N DE DESEMPE\u00d1O DE FONDO\/PROGRAMAS PRESUPUESTARIOS SEGOB Adjunto Tama\u00f1o Documento de Trabajo ASM programa E033 -Gobernabilidad.pdf 4.72 MB Posici\u00f3n Institucional Pp E033 Gobernabilidad.pdf 4.89 MB Posici\u00f3n Institucional Pp E095 Participaci\u00f3n Ciudadana.pdf 2.67 MB IE_EED_E033 GOBERNABILIDAD_2019.docx 58.69 KB IE_EED_E033 GOBERNABILIDAD_2019.pdf 342.9 KB IE_EED_E095 PARTICIPACIONCIUDADANA_2019.docx 59.09 KB IF_EED_E095 PARTICIPACIONCIUDADANA_2019.pdf 361.8 KB IF_EED_E033 GOBERNABILIDAD_2019.docx 2.64 MB IF_EED_E033 GOBERNABILIDAD_2019.pdf ... Leer m\u00e1s","og_url":"https:\/\/qroo.gob.mx\/segob\/evaluacion-de-desempeno-de-fondo-programas-presupuestarios-segobevaluacion-de-desempeno-de-fondo-programas-presupuestarios-segob\/","og_site_name":"Secretar\u00eda de Gobierno","article_modified_time":"2024-08-24T01:20:42+00:00","twitter_card":"summary_large_image","twitter_misc":{"Tiempo de lectura":"1 minuto"},"schema":{"@context":"https:\/\/schema.org","@graph":[{"@type":"WebPage","@id":"https:\/\/qroo.gob.mx\/segob\/evaluacion-de-desempeno-de-fondo-programas-presupuestarios-segobevaluacion-de-desempeno-de-fondo-programas-presupuestarios-segob\/","url":"https:\/\/qroo.gob.mx\/segob\/evaluacion-de-desempeno-de-fondo-programas-presupuestarios-segobevaluacion-de-desempeno-de-fondo-programas-presupuestarios-segob\/","name":"EVALUACI\u00d3N DE DESEMPE\u00d1O DE FONDO\/PROGRAMAS PRESUPUESTARIOS SEGOBEVALUACI\u00d3N DE DESEMPE\u00d1O DE FONDO\/PROGRAMAS PRESUPUESTARIOS SEGOB - Secretar\u00eda de Gobierno","isPartOf":{"@id":"https:\/\/qroo.gob.mx\/segob\/#website"},"datePublished":"2024-08-24T00:21:50+00:00","dateModified":"2024-08-24T01:20:42+00:00","breadcrumb":{"@id":"https:\/\/qroo.gob.mx\/segob\/evaluacion-de-desempeno-de-fondo-programas-presupuestarios-segobevaluacion-de-desempeno-de-fondo-programas-presupuestarios-segob\/#breadcrumb"},"inLanguage":"es","potentialAction":[{"@type":"ReadAction","target":["https:\/\/qroo.gob.mx\/segob\/evaluacion-de-desempeno-de-fondo-programas-presupuestarios-segobevaluacion-de-desempeno-de-fondo-programas-presupuestarios-segob\/"]}]},{"@type":"BreadcrumbList","@id":"https:\/\/qroo.gob.mx\/segob\/evaluacion-de-desempeno-de-fondo-programas-presupuestarios-segobevaluacion-de-desempeno-de-fondo-programas-presupuestarios-segob\/#breadcrumb","itemListElement":[{"@type":"ListItem","position":1,"name":"Inicio","item":"https:\/\/qroo.gob.mx\/segob\/"},{"@type":"ListItem","position":2,"name":"EVALUACI\u00d3N DE DESEMPE\u00d1O DE FONDO\/PROGRAMAS PRESUPUESTARIOS SEGOBEVALUACI\u00d3N DE DESEMPE\u00d1O DE FONDO\/PROGRAMAS PRESUPUESTARIOS SEGOB"}]},{"@type":"WebSite","@id":"https:\/\/qroo.gob.mx\/segob\/#website","url":"https:\/\/qroo.gob.mx\/segob\/","name":"Secretar\u00eda de Gobierno","description":"","publisher":{"@id":"https:\/\/qroo.gob.mx\/segob\/#organization"},"potentialAction":[{"@type":"SearchAction","target":{"@type":"EntryPoint","urlTemplate":"https:\/\/qroo.gob.mx\/segob\/?s={search_term_string}"},"query-input":"required name=search_term_string"}],"inLanguage":"es"},{"@type":"Organization","@id":"https:\/\/qroo.gob.mx\/segob\/#organization","name":"Secretar\u00eda de Gobierno","url":"https:\/\/qroo.gob.mx\/segob\/","logo":{"@type":"ImageObject","inLanguage":"es","@id":"https:\/\/qroo.gob.mx\/segob\/#\/schema\/logo\/image\/","url":"https:\/\/qroo.gob.mx\/segob\/wp-content\/uploads\/2024\/05\/cropped-SEGOB.png","contentUrl":"https:\/\/qroo.gob.mx\/segob\/wp-content\/uploads\/2024\/05\/cropped-SEGOB.png","width":1613,"height":745,"caption":"Secretar\u00eda de Gobierno"},"image":{"@id":"https:\/\/qroo.gob.mx\/segob\/#\/schema\/logo\/image\/"}}]}},"_links":{"self":[{"href":"https:\/\/qroo.gob.mx\/segob\/wp-json\/wp\/v2\/pages\/36555"}],"collection":[{"href":"https:\/\/qroo.gob.mx\/segob\/wp-json\/wp\/v2\/pages"}],"about":[{"href":"https:\/\/qroo.gob.mx\/segob\/wp-json\/wp\/v2\/types\/page"}],"author":[{"embeddable":true,"href":"https:\/\/qroo.gob.mx\/segob\/wp-json\/wp\/v2\/users\/4"}],"replies":[{"embeddable":true,"href":"https:\/\/qroo.gob.mx\/segob\/wp-json\/wp\/v2\/comments?post=36555"}],"version-history":[{"count":4,"href":"https:\/\/qroo.gob.mx\/segob\/wp-json\/wp\/v2\/pages\/36555\/revisions"}],"predecessor-version":[{"id":36571,"href":"https:\/\/qroo.gob.mx\/segob\/wp-json\/wp\/v2\/pages\/36555\/revisions\/36571"}],"wp:attachment":[{"href":"https:\/\/qroo.gob.mx\/segob\/wp-json\/wp\/v2\/media?parent=36555"}],"curies":[{"name":"wp","href":"https:\/\/api.w.org\/{rel}","templated":true}]}}