{"id":36438,"date":"2024-08-23T16:32:34","date_gmt":"2024-08-23T21:32:34","guid":{"rendered":"https:\/\/qroo.gob.mx\/segob\/?page_id=36438"},"modified":"2024-08-23T16:34:17","modified_gmt":"2024-08-23T21:34:17","slug":"becas-educativas","status":"publish","type":"page","link":"https:\/\/qroo.gob.mx\/segob\/becas-educativas\/","title":{"rendered":"Becas Educativas"},"content":{"rendered":"\t\t<div data-elementor-type=\"wp-page\" data-elementor-id=\"36438\" class=\"elementor elementor-36438\">\n\t\t\t\t<div class=\"elementor-element elementor-element-b419b94 e-flex e-con-boxed e-con e-parent\" data-id=\"b419b94\" data-element_type=\"container\">\n\t\t\t\t\t<div class=\"e-con-inner\">\n\t\t\t\t<div class=\"elementor-element elementor-element-bee3fc6 elementor-widget elementor-widget-heading\" data-id=\"bee3fc6\" data-element_type=\"widget\" data-widget_type=\"heading.default\">\n\t\t\t\t<div class=\"elementor-widget-container\">\n\t\t\t<style>\/*! elementor - v3.23.0 - 15-07-2024 *\/\n.elementor-heading-title{padding:0;margin:0;line-height:1}.elementor-widget-heading .elementor-heading-title[class*=elementor-size-]>a{color:inherit;font-size:inherit;line-height:inherit}.elementor-widget-heading .elementor-heading-title.elementor-size-small{font-size:15px}.elementor-widget-heading .elementor-heading-title.elementor-size-medium{font-size:19px}.elementor-widget-heading .elementor-heading-title.elementor-size-large{font-size:29px}.elementor-widget-heading .elementor-heading-title.elementor-size-xl{font-size:39px}.elementor-widget-heading .elementor-heading-title.elementor-size-xxl{font-size:59px}<\/style><h2 class=\"elementor-heading-title elementor-size-default\">Becas Educativas<\/h2>\t\t<\/div>\n\t\t\t\t<\/div>\n\t\t\t\t<div class=\"elementor-element elementor-element-d75c7c1 elementor-widget elementor-widget-html\" data-id=\"d75c7c1\" data-element_type=\"widget\" data-widget_type=\"html.default\">\n\t\t\t\t<div class=\"elementor-widget-container\">\n\t\t\t<style>\r\ntable {<br \/>  border-collapse: collapse; border: #E6F9FF 5px solid;<br \/>}<br \/>th, td {<br \/>  border: 1px solid #FFF;<br \/>}<br \/><\/style>\r\n<table width=\"100%\" data-striping=\"\">\r\n<thead>\r\n<tr>\r\n<th width=\"35%\"><span style=\"font-weight: 400;\">Dependencia<\/span><\/th>\r\n<th width=\"65%\"><span style=\"font-weight: 400;\">Beca<\/span><\/th>\r\n<\/tr>\r\n<\/thead>\r\n<tbody>\r\n<tr class=\"odd\">\r\n<td style=\"text-align: center;\"><img decoding=\"async\" class=\"aligncenter\" src=\"https:\/\/preview.qroo.gob.mx\/segob\/wp-content\/segob\/uploads\/2022\/07\/Becas-SEP-300x93.png\" alt=\"\" width=\"300\" height=\"93\" \/><\/td>\r\n<td style=\"padding-left: 40px;\"><strong>SECRETAR\u00cdA DE EDUCACI\u00d3N P\u00daBLICA<\/strong>\r\nServicio Social y Pr\u00e1cticas Profesionales.<\/td>\r\n<\/tr>\r\n<tr class=\"odd\">\r\n<td style=\"text-align: center;\"><img decoding=\"async\" class=\"alignnone wp-image-12487\" src=\"https:\/\/preview.qroo.gob.mx\/segob\/wp-content\/segob\/uploads\/2023\/05\/DGETI.png\" alt=\"\" width=\"214\" height=\"74\" \/><\/td>\r\n<td style=\"padding-left: 40px;\"><strong>PLANTEL CBTIS No. 111<\/strong>\r\nServicio Social y Pr\u00e1cticas Profesionales.<\/td>\r\n<\/tr>\r\n<tr class=\"even\">\r\n<td style=\"text-align: center;\"><img decoding=\"async\" class=\"aligncenter\" src=\"https:\/\/preview.qroo.gob.mx\/segob\/wp-content\/segob\/uploads\/2022\/07\/Becas-Unimaat.png\" alt=\"\" width=\"300\" height=\"75\" \/><\/td>\r\n<td style=\"padding-left: 40px;\"><strong>UNIMAAT<\/strong>\r\nServicio Social.\r\nBecas Acad\u00e9micas del 29% en todas las Licenciaturas, Gastronom\u00eda 32% y Posgrados 46% de descuento.<\/td>\r\n<\/tr>\r\n<!--tr class=\"odd\">\r\n<td style=\"text-align: center;\"><img loading=\"lazy\" decoding=\"async\" class=\"aligncenter\" src=\"https:\/\/preview.qroo.gob.mx\/segob\/wp-content\/segob\/uploads\/2022\/07\/BECAS-CONALEP-300x110.jpg\" alt=\"\" width=\"300\" height=\"110\" \/><\/td>\r\n<td style=\"padding-left: 40px;\"><strong>CONALEP Bachillerato<\/strong>\r\nServicio Social.<\/td>\r\n<\/tr--><!--tr class=\"odd\">\r\n<td style=\"text-align: center;\"><img loading=\"lazy\" decoding=\"async\" class=\"alignnone size-medium wp-image-11001\" src=\"https:\/\/preview.qroo.gob.mx\/segob\/wp-content\/segob\/uploads\/2022\/07\/BECAS-UNIVERSIDAD-DEL-SUR-300x95.png\" alt=\"\" width=\"300\" height=\"95\" \/><\/td>\r\n<td style=\"padding-left: 40px;\"><strong>UNIVERSIDAD DEL SUR<\/strong>\r\nBecas Acad\u00e9micas del 30% y 20 % de descuento.\r\nServicio Social y Pr\u00e1cticas Profesionales.<\/td>\r\n<\/tr-->\r\n<tr class=\"odd\">\r\n<td style=\"text-align: center;\"><img loading=\"lazy\" decoding=\"async\" class=\"alignnone wp-image-11002\" src=\"https:\/\/preview.qroo.gob.mx\/segob\/wp-content\/segob\/uploads\/2022\/07\/Becas-Cecaty.jpg\" alt=\"\" width=\"119\" height=\"119\" \/><\/td>\r\n<td style=\"padding-left: 40px;\"><strong>CECATI 149<\/strong>\r\nCentro de Capacitaci\u00f3n para el Trabajador Industrial 149.\r\nBecas Preferenciales.<\/td>\r\n<\/tr>\r\n<tr class=\"odd\">\r\n<td style=\"text-align: center;\"><img loading=\"lazy\" decoding=\"async\" class=\"alignnone size-medium wp-image-11003\" src=\"https:\/\/preview.qroo.gob.mx\/segob\/wp-content\/segob\/uploads\/2022\/07\/Becas-La-salle-300x125.jpg\" alt=\"\" width=\"300\" height=\"125\" \/><\/td>\r\n<td style=\"padding-left: 40px;\"><strong>UNIVERSIDAD LA SALLE Canc\u00fan<\/strong>\r\nPr\u00e1cticas Profesionales.\r\nBecas Acad\u00e9micas. - Considerando el promedio escolar de 40%, 45% y 50%.\r\nBecas Talento. - Descuento Preferencial.<\/td>\r\n<\/tr>\r\n<!--tr class=\"odd\">\r\n<td style=\"text-align: center;\"><img loading=\"lazy\" decoding=\"async\" class=\"alignnone size-medium wp-image-11004\" src=\"https:\/\/preview.qroo.gob.mx\/segob\/wp-content\/segob\/uploads\/2022\/07\/Becas-Pericial-Judicial-300x56.png\" alt=\"\" width=\"300\" height=\"56\" \/><\/td>\r\n<td style=\"padding-left: 40px;\"><strong>INSTITUTO PERICIAL JUDICIAL<\/strong>\r\nEducaci\u00f3n Media Superior, capacitaci\u00f3n Abogados y estudiantes en Derecho 20%,\r\nDiplomados 40% de descuento y descuento preferencial.<\/td>\r\n<\/tr--> <!--tr class=\"odd\">\r\n<td style=\"text-align: center;\"><img loading=\"lazy\" decoding=\"async\" class=\"alignnone wp-image-11005\" src=\"https:\/\/preview.qroo.gob.mx\/segob\/wp-content\/segob\/uploads\/2022\/07\/Becas-Centro-de-Investigacion-Juridica.jpg\" alt=\"\" width=\"155\" height=\"132\" \/><\/td>\r\n<td style=\"padding-left: 40px;\"><strong>CENTRO DE INVESTIGACI\u00d3N JUR\u00cdDICA<\/strong>\r\nPosgrados en Derecho, Maestr\u00edas y Doctorado.\r\nDescuentos preferenciales.<\/td>\r\n<\/tr--> <!--tr class=\"odd\">\r\n<td style=\"text-align: center;\"><img loading=\"lazy\" decoding=\"async\" class=\"alignnone wp-image-11006\" src=\"https:\/\/preview.qroo.gob.mx\/segob\/wp-content\/segob\/uploads\/2022\/07\/Becas-Federacion-de-Estudiantes-Benito-Juarez-300x135.png\" alt=\"\" width=\"229\" height=\"103\" \/><\/td>\r\n<td style=\"padding-left: 40px;\"><strong>FEDERACI\u00d3N DE ESTUDIANTES, BENITO JU\u00c1REZ A.C.<\/strong>\r\nBecas transporte terrestre para Estudiantes de Primaria a Maestr\u00eda.\r\nApoyo Social en Programas.<\/td>\r\n<\/tr-->\r\n<tr class=\"odd\">\r\n<td style=\"text-align: center;\"><img loading=\"lazy\" decoding=\"async\" class=\"alignnone size-full wp-image-11007\" src=\"https:\/\/preview.qroo.gob.mx\/segob\/wp-content\/segob\/uploads\/2022\/07\/Becas-Universidad-de-Oriente.jpg\" alt=\"\" width=\"136\" height=\"65\" \/><\/td>\r\n<td style=\"padding-left: 40px;\"><strong>UNIVERSIDAD DE ORIENTE Canc\u00fan<\/strong>\r\nBecas Acad\u00e9micas, descuento de 30% y 50%.\r\nServicio Social y Pr\u00e1cticas Profesionales.<\/td>\r\n<\/tr>\r\n<!--tr class=\"odd\">\r\n<td style=\"text-align: center;\"><img loading=\"lazy\" decoding=\"async\" class=\"alignnone wp-image-11008\" src=\"https:\/\/preview.qroo.gob.mx\/segob\/wp-content\/segob\/uploads\/2022\/07\/Becas-Universidas-Humanitas.jpg\" alt=\"\" width=\"144\" height=\"123\" \/><\/td>\r\n<td style=\"padding-left: 40px;\"><strong>UNIVERSIDAD HUMANITAS<\/strong>\r\nLicenciaturas, Maestr\u00edas y Diplomados con descuento en mensualidad del 10 %, sin costo de inscripci\u00f3n.<\/td>\r\n<\/tr-->\r\n<tr class=\"odd\">\r\n<td style=\"text-align: center;\"><img loading=\"lazy\" decoding=\"async\" class=\"alignnone wp-image-11009\" src=\"https:\/\/preview.qroo.gob.mx\/segob\/wp-content\/segob\/uploads\/2022\/07\/Becas-Cetea.png\" alt=\"\" width=\"119\" height=\"123\" \/><\/td>\r\n<td style=\"padding-left: 40px;\"><strong>CENTRO TECNOL\u00d3GICO DE ESPECIALIDADES AUTOMOTRICES<\/strong>\r\nMec\u00e1nica Automotriz Profesional, Mec\u00e1nica de Motos y Electricidad Automotriz, 50% Inscripci\u00f3n, H.-25% colegiatura Semanal. - M.-50% colg. Semanal.<\/td>\r\n<\/tr>\r\n<!--tr class=\"odd\">\r\n<td style=\"text-align: center;\"><img loading=\"lazy\" decoding=\"async\" class=\"alignnone wp-image-11010\" src=\"https:\/\/preview.qroo.gob.mx\/segob\/wp-content\/segob\/uploads\/2022\/07\/Becas-Insuce.jpg\" alt=\"\" width=\"168\" height=\"168\" \/><\/td>\r\n<td style=\"padding-left: 40px;\"><strong>INSTITUTO SUPERIOR EN CIENCIAS EMPRESARIALES Y DEPORTIVAS<\/strong>\r\nLicenciatura Educaci\u00f3n Nutricional Deportiva, Licenciatura Estrategias Financieras, Licenciatura Cultura Deportiva para el Alto Desempe\u00f1o (REVOE Federal) en l\u00ednea.\r\nBachillerato en l\u00ednea. Dos modalidades con diferente duraci\u00f3n de tiempo.\r\nDescuento 10 %, 30 %, 50%, y tarifa preferencial.<\/td>\r\n<\/tr-->\r\n<tr class=\"odd\">\r\n<td style=\"text-align: center;\"><img loading=\"lazy\" decoding=\"async\" class=\"alignnone wp-image-11011\" src=\"https:\/\/preview.qroo.gob.mx\/segob\/wp-content\/segob\/uploads\/2022\/07\/Becas-IUAF.jpg\" alt=\"\" width=\"144\" height=\"125\" \/><\/td>\r\n<td style=\"padding-left: 40px;\"><strong>INSTITUTO UNIVERSITARIO DE ALTA FORMACI\u00d3N<\/strong>\r\nDescuentos 15%, 20% y Beca preferencial.<\/td>\r\n<\/tr>\r\n<!--tr class=\"odd\">\r\n<td style=\"text-align: center;\"><img loading=\"lazy\" decoding=\"async\" class=\"alignnone size-full wp-image-11012\" src=\"https:\/\/preview.qroo.gob.mx\/segob\/wp-content\/segob\/uploads\/2022\/07\/Becas-Unid.jpg\" alt=\"\" width=\"144\" height=\"92\" \/><\/td>\r\n<td style=\"padding-left: 40px;\"><strong>UNID TALISIS<\/strong>\r\nDescuentos:\r\nHARMON HALL hasta 40%\r\nADVENIO:15% y 30%\r\nLA UNID:20%, 30% y 35%.\r\nLA U-ERRE:20%, 25%, 30%, 34%, 35% y 47%<\/td>\r\n<\/tr--> <!--tr class=\"odd\">\r\n<td style=\"text-align: center;\"><img loading=\"lazy\" decoding=\"async\" class=\"alignnone size-full wp-image-11013\" src=\"https:\/\/preview.qroo.gob.mx\/segob\/wp-content\/segob\/uploads\/2022\/07\/Becas-Marichuy.jpg\" alt=\"\" width=\"211\" height=\"145\" \/><\/td>\r\n<td style=\"padding-left: 40px;\"><strong>MARI CHUY: CREACIONES, TALLER Y BISUTER\u00cdA<\/strong>\r\nCursos de creaciones y bisuter\u00eda artesanal gratuitos para Adolescentes y Adultos.\r\nLunes y mi\u00e9rcoles 10:00 am a 12:00 pm y lunes y jueves 4:00 pm. a 6:00pm.\r\nPrincipiantes 10 d\u00edas y avanzados 15 d\u00edas. Constancia de participaci\u00f3n.<\/td>\r\n<\/tr--> <!--tr class=\"odd\">\r\n<td style=\"text-align: center;\"><img loading=\"lazy\" decoding=\"async\" class=\"alignnone wp-image-11014\" src=\"https:\/\/preview.qroo.gob.mx\/segob\/wp-content\/segob\/uploads\/2022\/07\/Becas-Universidas-Lider-Mex.jpg\" alt=\"\" width=\"152\" height=\"67\" \/>\r\n\r\n<img loading=\"lazy\" decoding=\"async\" class=\"alignnone wp-image-11015\" src=\"https:\/\/preview.qroo.gob.mx\/segob\/wp-content\/segob\/uploads\/2022\/07\/Becas-AZTECA1.jpg\" alt=\"\" width=\"123\" height=\"67\" \/>\r\n\r\n<img loading=\"lazy\" decoding=\"async\" class=\"alignnone wp-image-11016\" src=\"https:\/\/preview.qroo.gob.mx\/segob\/wp-content\/segob\/uploads\/2022\/07\/Becas-AZTECA2.jpg\" alt=\"\" width=\"124\" height=\"86\" \/><\/td>\r\n<td style=\"padding-left: 40px;\"><strong>UNIVERSIDAD LIDER MEX, UNIVERSIDAD Y PREPA AZTECA<\/strong>\r\nLicenciaturas tarifas preferentes del 30%, 40%.\r\nBachillerato COLBACH 90% inscripci\u00f3n y 30% mensualidad.\r\nServicio Social y Pr\u00e1cticas Profesionales.<\/td>\r\n<\/tr--> <!--tr class=\"odd\">\r\n<td style=\"text-align: center;\"><img loading=\"lazy\" decoding=\"async\" class=\"alignnone wp-image-11017\" src=\"https:\/\/preview.qroo.gob.mx\/segob\/wp-content\/segob\/uploads\/2022\/07\/Becas-CEUNIB.jpg\" alt=\"\" width=\"127\" height=\"114\" \/><\/td>\r\n<td style=\"padding-left: 40px;\"><strong>CENTRO UNIVERSITARIO IBEROAMERICANO EN HUMANIDADES Y CIENCIAS DE LA SALUD<\/strong>\r\nLicenciatura en Enfermer\u00eda, descuentos del 25% y 50%.<\/td>\r\n<\/tr--><!--tr class=\"odd\">\r\n<td style=\"text-align: center;\"><img loading=\"lazy\" decoding=\"async\" class=\"alignnone wp-image-11018\" src=\"https:\/\/preview.qroo.gob.mx\/segob\/wp-content\/segob\/uploads\/2022\/07\/Becas-Universidad-UNT-Quintana-Roo.jpg\" alt=\"\" width=\"101\" height=\"109\" \/><\/td>\r\n<td style=\"padding-left: 40px;\"><strong>4.UNIVERSIDAD DEL NORTE DE TAMAULIPAS, ENLACE QUINTANA ROO<\/strong>\r\nBachillerato, Licenciatura, Maestr\u00eda y Doctorado.\r\nOtorga Becas hasta el 75%<\/td>\r\n<\/tr--> <!--tr class=\"odd\">\r\n<td style=\"text-align: center;\"><img loading=\"lazy\" decoding=\"async\" class=\"alignnone size-full wp-image-11019\" src=\"https:\/\/preview.qroo.gob.mx\/segob\/wp-content\/segob\/uploads\/2022\/07\/Becas-Instituto-Veracruzano-ALBERT-EINSTEIN.jpg\" alt=\"\" width=\"131\" height=\"110\" \/><\/td>\r\n<td style=\"padding-left: 40px;\"><strong>INSTITUTO VERACRUZANO ALBERT EINSTEIN<\/strong>\r\nAsesor\u00edas y consultas a trav\u00e9s de c\u00edrculos de estudio educativo primaria, secundaria y alfabetizaci\u00f3n, gratuito (permiso IEA).\r\nPreparatoria en base al Acuerdo 286, inform\u00e1tica, Ingl\u00e9s, capacitaci\u00f3n Laboral.- 50 % descuento.<\/td>\r\n<\/tr--><\/tbody>\r\n<\/table>\r\nInformes en las oficinas de la Subsecretaria Social e Interinstitucional, Zona Norte de la Secretar\u00eda de Gobierno, ubicada en el edificio del Gobierno del Estado en la Cd. de Canc\u00fan, Q Roo. Av. Tulum con Av. Garc\u00eda de la Torre, Sm. 2, Mzna. 13 Lt. 22 y 23, Planta Alta.\t\t<\/div>\n\t\t\t\t<\/div>\n\t\t\t\t\t<\/div>\n\t\t\t\t<\/div>\n\t\t\t\t<\/div>\n\t\t","protected":false},"excerpt":{"rendered":"<p>Becas Educativas Dependencia Beca SECRETAR\u00cdA DE EDUCACI\u00d3N P\u00daBLICA Servicio Social y Pr\u00e1cticas Profesionales. PLANTEL CBTIS No. 111 Servicio Social y Pr\u00e1cticas Profesionales. UNIMAAT Servicio Social. Becas Acad\u00e9micas del 29% en todas las Licenciaturas, Gastronom\u00eda 32% y Posgrados 46% de descuento. CECATI 149 Centro de Capacitaci\u00f3n para el Trabajador Industrial 149. Becas Preferenciales. UNIVERSIDAD LA SALLE &#8230; <a title=\"Becas Educativas\" class=\"read-more\" href=\"https:\/\/qroo.gob.mx\/segob\/becas-educativas\/\" aria-label=\"Leer m\u00e1s sobre Becas Educativas\">Leer m\u00e1s<\/a><\/p>\n","protected":false},"author":4,"featured_media":0,"parent":0,"menu_order":0,"comment_status":"closed","ping_status":"closed","template":"","meta":{"footnotes":""},"class_list":["post-36438","page","type-page","status-publish"],"yoast_head":"<!-- This site is optimized with the Yoast SEO plugin v23.0 - https:\/\/yoast.com\/wordpress\/plugins\/seo\/ -->\n<title>Becas Educativas - Secretar\u00eda de Gobierno<\/title>\n<meta name=\"robots\" content=\"noindex, follow, max-snippet:-1, max-image-preview:large, max-video-preview:-1\" \/>\n<meta property=\"og:locale\" content=\"es_MX\" \/>\n<meta property=\"og:type\" content=\"article\" \/>\n<meta property=\"og:title\" content=\"Becas Educativas - Secretar\u00eda de Gobierno\" \/>\n<meta property=\"og:description\" content=\"Becas Educativas Dependencia Beca SECRETAR\u00cdA DE EDUCACI\u00d3N P\u00daBLICA Servicio Social y Pr\u00e1cticas Profesionales. PLANTEL CBTIS No. 111 Servicio Social y Pr\u00e1cticas Profesionales. UNIMAAT Servicio Social. Becas Acad\u00e9micas del 29% en todas las Licenciaturas, Gastronom\u00eda 32% y Posgrados 46% de descuento. CECATI 149 Centro de Capacitaci\u00f3n para el Trabajador Industrial 149. Becas Preferenciales. UNIVERSIDAD LA SALLE ... Leer m\u00e1s\" \/>\n<meta property=\"og:url\" content=\"https:\/\/qroo.gob.mx\/segob\/becas-educativas\/\" \/>\n<meta property=\"og:site_name\" content=\"Secretar\u00eda de Gobierno\" \/>\n<meta property=\"article:modified_time\" content=\"2024-08-23T21:34:17+00:00\" \/>\n<meta property=\"og:image\" content=\"https:\/\/preview.qroo.gob.mx\/segob\/wp-content\/segob\/uploads\/2022\/07\/Becas-SEP-300x93.png\" \/>\n<meta name=\"twitter:card\" content=\"summary_large_image\" \/>\n<meta name=\"twitter:label1\" content=\"Tiempo de lectura\" \/>\n\t<meta name=\"twitter:data1\" content=\"3 minutos\" \/>\n<script type=\"application\/ld+json\" class=\"yoast-schema-graph\">{\"@context\":\"https:\/\/schema.org\",\"@graph\":[{\"@type\":\"WebPage\",\"@id\":\"https:\/\/qroo.gob.mx\/segob\/becas-educativas\/\",\"url\":\"https:\/\/qroo.gob.mx\/segob\/becas-educativas\/\",\"name\":\"Becas Educativas - Secretar\u00eda de Gobierno\",\"isPartOf\":{\"@id\":\"https:\/\/qroo.gob.mx\/segob\/#website\"},\"primaryImageOfPage\":{\"@id\":\"https:\/\/qroo.gob.mx\/segob\/becas-educativas\/#primaryimage\"},\"image\":{\"@id\":\"https:\/\/qroo.gob.mx\/segob\/becas-educativas\/#primaryimage\"},\"thumbnailUrl\":\"https:\/\/preview.qroo.gob.mx\/segob\/wp-content\/segob\/uploads\/2022\/07\/Becas-SEP-300x93.png\",\"datePublished\":\"2024-08-23T21:32:34+00:00\",\"dateModified\":\"2024-08-23T21:34:17+00:00\",\"breadcrumb\":{\"@id\":\"https:\/\/qroo.gob.mx\/segob\/becas-educativas\/#breadcrumb\"},\"inLanguage\":\"es\",\"potentialAction\":[{\"@type\":\"ReadAction\",\"target\":[\"https:\/\/qroo.gob.mx\/segob\/becas-educativas\/\"]}]},{\"@type\":\"ImageObject\",\"inLanguage\":\"es\",\"@id\":\"https:\/\/qroo.gob.mx\/segob\/becas-educativas\/#primaryimage\",\"url\":\"https:\/\/preview.qroo.gob.mx\/segob\/wp-content\/segob\/uploads\/2022\/07\/Becas-SEP-300x93.png\",\"contentUrl\":\"https:\/\/preview.qroo.gob.mx\/segob\/wp-content\/segob\/uploads\/2022\/07\/Becas-SEP-300x93.png\"},{\"@type\":\"BreadcrumbList\",\"@id\":\"https:\/\/qroo.gob.mx\/segob\/becas-educativas\/#breadcrumb\",\"itemListElement\":[{\"@type\":\"ListItem\",\"position\":1,\"name\":\"Inicio\",\"item\":\"https:\/\/qroo.gob.mx\/segob\/\"},{\"@type\":\"ListItem\",\"position\":2,\"name\":\"Becas Educativas\"}]},{\"@type\":\"WebSite\",\"@id\":\"https:\/\/qroo.gob.mx\/segob\/#website\",\"url\":\"https:\/\/qroo.gob.mx\/segob\/\",\"name\":\"Secretar\u00eda de Gobierno\",\"description\":\"\",\"publisher\":{\"@id\":\"https:\/\/qroo.gob.mx\/segob\/#organization\"},\"potentialAction\":[{\"@type\":\"SearchAction\",\"target\":{\"@type\":\"EntryPoint\",\"urlTemplate\":\"https:\/\/qroo.gob.mx\/segob\/?s={search_term_string}\"},\"query-input\":\"required name=search_term_string\"}],\"inLanguage\":\"es\"},{\"@type\":\"Organization\",\"@id\":\"https:\/\/qroo.gob.mx\/segob\/#organization\",\"name\":\"Secretar\u00eda de Gobierno\",\"url\":\"https:\/\/qroo.gob.mx\/segob\/\",\"logo\":{\"@type\":\"ImageObject\",\"inLanguage\":\"es\",\"@id\":\"https:\/\/qroo.gob.mx\/segob\/#\/schema\/logo\/image\/\",\"url\":\"https:\/\/qroo.gob.mx\/segob\/wp-content\/uploads\/2024\/05\/cropped-SEGOB.png\",\"contentUrl\":\"https:\/\/qroo.gob.mx\/segob\/wp-content\/uploads\/2024\/05\/cropped-SEGOB.png\",\"width\":1613,\"height\":745,\"caption\":\"Secretar\u00eda de Gobierno\"},\"image\":{\"@id\":\"https:\/\/qroo.gob.mx\/segob\/#\/schema\/logo\/image\/\"}}]}<\/script>\n<!-- \/ Yoast SEO plugin. -->","yoast_head_json":{"title":"Becas Educativas - Secretar\u00eda de Gobierno","robots":{"index":"noindex","follow":"follow","max-snippet":"max-snippet:-1","max-image-preview":"max-image-preview:large","max-video-preview":"max-video-preview:-1"},"og_locale":"es_MX","og_type":"article","og_title":"Becas Educativas - Secretar\u00eda de Gobierno","og_description":"Becas Educativas Dependencia Beca SECRETAR\u00cdA DE EDUCACI\u00d3N P\u00daBLICA Servicio Social y Pr\u00e1cticas Profesionales. PLANTEL CBTIS No. 111 Servicio Social y Pr\u00e1cticas Profesionales. UNIMAAT Servicio Social. Becas Acad\u00e9micas del 29% en todas las Licenciaturas, Gastronom\u00eda 32% y Posgrados 46% de descuento. CECATI 149 Centro de Capacitaci\u00f3n para el Trabajador Industrial 149. Becas Preferenciales. UNIVERSIDAD LA SALLE ... Leer m\u00e1s","og_url":"https:\/\/qroo.gob.mx\/segob\/becas-educativas\/","og_site_name":"Secretar\u00eda de Gobierno","article_modified_time":"2024-08-23T21:34:17+00:00","og_image":[{"url":"https:\/\/preview.qroo.gob.mx\/segob\/wp-content\/segob\/uploads\/2022\/07\/Becas-SEP-300x93.png"}],"twitter_card":"summary_large_image","twitter_misc":{"Tiempo de lectura":"3 minutos"},"schema":{"@context":"https:\/\/schema.org","@graph":[{"@type":"WebPage","@id":"https:\/\/qroo.gob.mx\/segob\/becas-educativas\/","url":"https:\/\/qroo.gob.mx\/segob\/becas-educativas\/","name":"Becas Educativas - Secretar\u00eda de Gobierno","isPartOf":{"@id":"https:\/\/qroo.gob.mx\/segob\/#website"},"primaryImageOfPage":{"@id":"https:\/\/qroo.gob.mx\/segob\/becas-educativas\/#primaryimage"},"image":{"@id":"https:\/\/qroo.gob.mx\/segob\/becas-educativas\/#primaryimage"},"thumbnailUrl":"https:\/\/preview.qroo.gob.mx\/segob\/wp-content\/segob\/uploads\/2022\/07\/Becas-SEP-300x93.png","datePublished":"2024-08-23T21:32:34+00:00","dateModified":"2024-08-23T21:34:17+00:00","breadcrumb":{"@id":"https:\/\/qroo.gob.mx\/segob\/becas-educativas\/#breadcrumb"},"inLanguage":"es","potentialAction":[{"@type":"ReadAction","target":["https:\/\/qroo.gob.mx\/segob\/becas-educativas\/"]}]},{"@type":"ImageObject","inLanguage":"es","@id":"https:\/\/qroo.gob.mx\/segob\/becas-educativas\/#primaryimage","url":"https:\/\/preview.qroo.gob.mx\/segob\/wp-content\/segob\/uploads\/2022\/07\/Becas-SEP-300x93.png","contentUrl":"https:\/\/preview.qroo.gob.mx\/segob\/wp-content\/segob\/uploads\/2022\/07\/Becas-SEP-300x93.png"},{"@type":"BreadcrumbList","@id":"https:\/\/qroo.gob.mx\/segob\/becas-educativas\/#breadcrumb","itemListElement":[{"@type":"ListItem","position":1,"name":"Inicio","item":"https:\/\/qroo.gob.mx\/segob\/"},{"@type":"ListItem","position":2,"name":"Becas Educativas"}]},{"@type":"WebSite","@id":"https:\/\/qroo.gob.mx\/segob\/#website","url":"https:\/\/qroo.gob.mx\/segob\/","name":"Secretar\u00eda de Gobierno","description":"","publisher":{"@id":"https:\/\/qroo.gob.mx\/segob\/#organization"},"potentialAction":[{"@type":"SearchAction","target":{"@type":"EntryPoint","urlTemplate":"https:\/\/qroo.gob.mx\/segob\/?s={search_term_string}"},"query-input":"required name=search_term_string"}],"inLanguage":"es"},{"@type":"Organization","@id":"https:\/\/qroo.gob.mx\/segob\/#organization","name":"Secretar\u00eda de Gobierno","url":"https:\/\/qroo.gob.mx\/segob\/","logo":{"@type":"ImageObject","inLanguage":"es","@id":"https:\/\/qroo.gob.mx\/segob\/#\/schema\/logo\/image\/","url":"https:\/\/qroo.gob.mx\/segob\/wp-content\/uploads\/2024\/05\/cropped-SEGOB.png","contentUrl":"https:\/\/qroo.gob.mx\/segob\/wp-content\/uploads\/2024\/05\/cropped-SEGOB.png","width":1613,"height":745,"caption":"Secretar\u00eda de Gobierno"},"image":{"@id":"https:\/\/qroo.gob.mx\/segob\/#\/schema\/logo\/image\/"}}]}},"_links":{"self":[{"href":"https:\/\/qroo.gob.mx\/segob\/wp-json\/wp\/v2\/pages\/36438"}],"collection":[{"href":"https:\/\/qroo.gob.mx\/segob\/wp-json\/wp\/v2\/pages"}],"about":[{"href":"https:\/\/qroo.gob.mx\/segob\/wp-json\/wp\/v2\/types\/page"}],"author":[{"embeddable":true,"href":"https:\/\/qroo.gob.mx\/segob\/wp-json\/wp\/v2\/users\/4"}],"replies":[{"embeddable":true,"href":"https:\/\/qroo.gob.mx\/segob\/wp-json\/wp\/v2\/comments?post=36438"}],"version-history":[{"count":4,"href":"https:\/\/qroo.gob.mx\/segob\/wp-json\/wp\/v2\/pages\/36438\/revisions"}],"predecessor-version":[{"id":36443,"href":"https:\/\/qroo.gob.mx\/segob\/wp-json\/wp\/v2\/pages\/36438\/revisions\/36443"}],"wp:attachment":[{"href":"https:\/\/qroo.gob.mx\/segob\/wp-json\/wp\/v2\/media?parent=36438"}],"curies":[{"name":"wp","href":"https:\/\/api.w.org\/{rel}","templated":true}]}}