{"id":36469,"date":"2024-12-16T16:14:19","date_gmt":"2024-12-16T21:14:19","guid":{"rendered":"https:\/\/qroo.gob.mx\/segob\/rppc\/?page_id=36469"},"modified":"2024-12-17T11:05:11","modified_gmt":"2024-12-17T16:05:11","slug":"directorio-estatal","status":"publish","type":"page","link":"https:\/\/qroo.gob.mx\/segob\/rppc\/directorio-estatal\/","title":{"rendered":"Directorio Estatal"},"content":{"rendered":"\t\t<div data-elementor-type=\"wp-page\" data-elementor-id=\"36469\" class=\"elementor elementor-36469\">\n\t\t\t\t<div class=\"elementor-element elementor-element-582a398 e-flex e-con-boxed e-con e-parent\" data-id=\"582a398\" data-element_type=\"container\">\n\t\t\t\t\t<div class=\"e-con-inner\">\n\t\t\t\t<div class=\"elementor-element elementor-element-97fc453 elementor-widget elementor-widget-heading\" data-id=\"97fc453\" data-element_type=\"widget\" data-widget_type=\"heading.default\">\n\t\t\t\t<div class=\"elementor-widget-container\">\n\t\t\t<style>\/*! elementor - v3.23.0 - 15-07-2024 *\/\n.elementor-heading-title{padding:0;margin:0;line-height:1}.elementor-widget-heading .elementor-heading-title[class*=elementor-size-]>a{color:inherit;font-size:inherit;line-height:inherit}.elementor-widget-heading .elementor-heading-title.elementor-size-small{font-size:15px}.elementor-widget-heading .elementor-heading-title.elementor-size-medium{font-size:19px}.elementor-widget-heading .elementor-heading-title.elementor-size-large{font-size:29px}.elementor-widget-heading .elementor-heading-title.elementor-size-xl{font-size:39px}.elementor-widget-heading .elementor-heading-title.elementor-size-xxl{font-size:59px}<\/style><h2 class=\"elementor-heading-title elementor-size-default\">\n<br>\nDELEGACIONES DEL REGISTRO P\u00daBLICO DE LA PROPIEDAD Y DEL COMERCIO\n<br>\n<\/h2>\t\t<\/div>\n\t\t\t\t<\/div>\n\t\t\t\t\t<\/div>\n\t\t\t\t<\/div>\n\t\t<div class=\"elementor-element elementor-element-05eba86 e-flex e-con-boxed e-con e-parent\" data-id=\"05eba86\" data-element_type=\"container\">\n\t\t\t\t\t<div class=\"e-con-inner\">\n\t\t\t\t<div class=\"elementor-element elementor-element-53fce45 elementor-widget elementor-widget-html\" data-id=\"53fce45\" data-element_type=\"widget\" data-widget_type=\"html.default\">\n\t\t\t\t<div class=\"elementor-widget-container\">\n\t\t\t<style>\r\n    body, html {\r\n    overflow-x: hidden;\r\n}\r\n\r\n.elementor-section {\r\n    margin-left: 0 !important;\r\n    margin-right: 0 !important;\r\n}\r\n\r\n<\/style>\t\t<\/div>\n\t\t\t\t<\/div>\n\t\t<div class=\"elementor-element elementor-element-879afbc e-con-full e-flex e-con e-child\" data-id=\"879afbc\" data-element_type=\"container\" data-settings=\"{&quot;background_background&quot;:&quot;classic&quot;}\">\n\t\t\t\t<div class=\"elementor-element elementor-element-2a927dd elementor-widget elementor-widget-image\" data-id=\"2a927dd\" data-element_type=\"widget\" data-widget_type=\"image.default\">\n\t\t\t\t<div class=\"elementor-widget-container\">\n\t\t\t<style>\/*! elementor - v3.23.0 - 15-07-2024 *\/\n.elementor-widget-image{text-align:center}.elementor-widget-image a{display:inline-block}.elementor-widget-image a img[src$=\".svg\"]{width:48px}.elementor-widget-image img{vertical-align:middle;display:inline-block}<\/style>\t\t\t\t\t\t\t\t\t\t<img decoding=\"async\" src=\"https:\/\/qroo.gob.mx\/segob\/rppc\/wp-content\/uploads\/elementor\/thumbs\/21-DEL-OTHONP-BLANCO-qylysa8vnc99y2a0flnia51za7j609nwpl2ay4ejtc.png\" title=\"21-DEL-OTHONP-BLANCO\" alt=\"21-DEL-OTHONP-BLANCO\" loading=\"lazy\" \/>\t\t\t\t\t\t\t\t\t\t\t\t\t<\/div>\n\t\t\t\t<\/div>\n\t\t\t\t<div class=\"elementor-element elementor-element-3ce7f51 elementor-widget elementor-widget-text-editor\" data-id=\"3ce7f51\" data-element_type=\"widget\" data-widget_type=\"text-editor.default\">\n\t\t\t\t<div class=\"elementor-widget-container\">\n\t\t\t<style>\/*! elementor - v3.23.0 - 15-07-2024 *\/\n.elementor-widget-text-editor.elementor-drop-cap-view-stacked .elementor-drop-cap{background-color:#69727d;color:#fff}.elementor-widget-text-editor.elementor-drop-cap-view-framed .elementor-drop-cap{color:#69727d;border:3px solid;background-color:transparent}.elementor-widget-text-editor:not(.elementor-drop-cap-view-default) .elementor-drop-cap{margin-top:8px}.elementor-widget-text-editor:not(.elementor-drop-cap-view-default) .elementor-drop-cap-letter{width:1em;height:1em}.elementor-widget-text-editor .elementor-drop-cap{float:left;text-align:center;line-height:1;font-size:50px}.elementor-widget-text-editor .elementor-drop-cap-letter{display:inline-block}<\/style>\t\t\t\t<div>\u00a0<\/div><div><strong>Calle 22 de enero, Andador H\u00e9roes N. 193, Col. Centro, C.P. 77000, Chetumal, Quintana Roo<\/strong><\/div><div>\u00a0<\/div><div><p><strong style=\"color: #ab0a3d;\"> Tel\u00e9fono:<\/strong> 983 835 1350<br \/><strong style=\"color: #ab0a3d;\">Extensi\u00f3n:<\/strong> 2000204<\/p><p><a href=\"https:\/\/www.google.com\/maps?q=Registro+Publico+de+la+Propiedad+y+Comercio,+C.+22+de+Enero+s\/n,+Centro,+77000+Chetumal,+Q.R.&amp;ftid=0x8f5ba3653573fd0d:0x54ff60528dfaa299&amp;entry=gps&amp;lucs=,94242496,94224825,94227247,94227248,47071704,47069508,94218641,94233079,94203019,47084304,94208458,94208447,94213316&amp;g_ep=CAISDTYuMTQwLjAuOTEzNzAYACDXggMqdSw5NDI0MjQ5Niw5NDIyNDgyNSw5NDIyNzI0Nyw5NDIyNzI0OCw0NzA3MTcwNCw0NzA2OTUwOCw5NDIxODY0MSw5NDIzMzA3OSw5NDIwMzAxOSw0NzA4NDMwNCw5NDIwODQ1OCw5NDIwODQ0Nyw5NDIxMzMxNkICTVg%3D&amp;g_st=iw\"> <strong style=\"color: #ab0a3d;\"> Ubicaci\u00f3n<\/strong> <\/a><br \/><strong style=\"color: #ab0a3d;\"> Municipios de gesti\u00f3n:<\/strong><\/p><p>Oth\u00f3n P. Blanco<\/p><p>F. Carrillo Puerto<\/p><p>Jos\u00e9 Mar\u00eda Morelos<\/p><p>Bacalar<\/p><\/div>\t\t\t\t\t\t<\/div>\n\t\t\t\t<\/div>\n\t\t\t\t<\/div>\n\t\t<div class=\"elementor-element elementor-element-b5a2886 e-con-full e-flex e-con e-child\" data-id=\"b5a2886\" data-element_type=\"container\" data-settings=\"{&quot;background_background&quot;:&quot;classic&quot;}\">\n\t\t\t\t<div class=\"elementor-element elementor-element-2b9f557 elementor-widget elementor-widget-image\" data-id=\"2b9f557\" data-element_type=\"widget\" data-widget_type=\"image.default\">\n\t\t\t\t<div class=\"elementor-widget-container\">\n\t\t\t\t\t\t\t\t\t\t\t\t\t<img decoding=\"async\" src=\"https:\/\/qroo.gob.mx\/segob\/rppc\/wp-content\/uploads\/elementor\/thumbs\/22-DEL-BENITOJUAREZ-qylzdkbcdbdys9d96asg89qnf8nb9l55awr12muoy8.png\" title=\"22-DEL-BENITOJUAREZ\" alt=\"22-DEL-BENITOJUAREZ\" loading=\"lazy\" \/>\t\t\t\t\t\t\t\t\t\t\t\t\t<\/div>\n\t\t\t\t<\/div>\n\t\t\t\t<div class=\"elementor-element elementor-element-5b1c4c8 elementor-widget elementor-widget-text-editor\" data-id=\"5b1c4c8\" data-element_type=\"widget\" data-widget_type=\"text-editor.default\">\n\t\t\t\t<div class=\"elementor-widget-container\">\n\t\t\t\t\t\t\t<div>\u00a0<\/div><div><strong>Av. Bonampak esq. Nichupt\u00e9, Sm. 8, Lt. 4, Oficina. 3, Plaza Vivendi Am\u00e9rica, C.P. 77504, Canc\u00fan, Quintana Roo<\/strong><\/div><div>\u00a0<\/div><div><p><strong style=\"color: #ab0a3d;\">Tel\u00e9fono: <\/strong>998 889 9552<\/p><p><a href=\"https:\/\/www.google.com\/maps\/place\/Registro+P%C3%BAblico+De+La+Propiedad+Y+El+Comercio+De+Cancun\/@21.1438092,-86.8222613,17z\/data=!3m1!4b1!4m6!3m5!1s0x8f4c295886cb3e4f:0xe128e032cc5cb658!8m2!3d21.1438092!4d-86.8222613!16s%2Fg%2F11b7q7475j?entry=ttu&amp;g_ep=EgoyMDI0MTIxMS4wIKXMDSoASAFQAw%3D%3D\"> <strong style=\"color: #ab0a3d;\"> Ubicaci\u00f3n<\/strong> <\/a><br \/><strong style=\"color: #ab0a3d;\"> Municipios de gesti\u00f3n:<\/strong><\/p><p>Benito Ju\u00e1rez<\/p><p>Puerto Morelos<\/p><p>L\u00e1zaro C\u00e1rdenas<\/p><p>Isla Mujeres<\/p><\/div>\t\t\t\t\t\t<\/div>\n\t\t\t\t<\/div>\n\t\t\t\t<\/div>\n\t\t<div class=\"elementor-element elementor-element-f505a78 e-con-full e-flex e-con e-child\" data-id=\"f505a78\" data-element_type=\"container\" data-settings=\"{&quot;background_background&quot;:&quot;classic&quot;}\">\n\t\t\t\t<div class=\"elementor-element elementor-element-8289186 elementor-widget elementor-widget-image\" data-id=\"8289186\" data-element_type=\"widget\" data-widget_type=\"image.default\">\n\t\t\t\t<div class=\"elementor-widget-container\">\n\t\t\t\t\t\t\t\t\t\t\t\t\t<img decoding=\"async\" src=\"https:\/\/qroo.gob.mx\/segob\/rppc\/wp-content\/uploads\/elementor\/thumbs\/23-DEL-SOLIDARIAS-qylzsxya6qg568vga8tv2ppgb1uujwwjvi7bdf6g26.png\" title=\"23-DEL-SOLIDARIAS\" alt=\"23-DEL-SOLIDARIAS\" loading=\"lazy\" \/>\t\t\t\t\t\t\t\t\t\t\t\t\t<\/div>\n\t\t\t\t<\/div>\n\t\t\t\t<div class=\"elementor-element elementor-element-77028c7 elementor-widget elementor-widget-text-editor\" data-id=\"77028c7\" data-element_type=\"widget\" data-widget_type=\"text-editor.default\">\n\t\t\t\t<div class=\"elementor-widget-container\">\n\t\t\t\t\t\t\t<div>\u00a0<\/div><div><strong>Av. 30 entre 36 y 36 Bis, tercer piso, Sm. 8, Mz. 1, Lt. 4, Col. Zazil-Ha, C.P. 77720, Playa del Carmen, Quintana Roo<\/strong><\/div><div>\u00a0<\/div><div><p><strong style=\"color: #ab0a3d;\">Tel\u00e9fono: <\/strong>984 803 2122<\/p><p><a href=\"https:\/\/www.google.com\/maps\/place\/Registro+P%C3%BAblico+de+la+Propiedad+y+el+Comercio\/@20.6377941,-87.071298,17z\/data=!3m1!4b1!4m6!3m5!1s0x8f4e432869c9fdb9:0xfedda2495dbd1b53!8m2!3d20.6377941!4d-87.071298!16s%2Fg%2F11bwlc5p90?entry=ttu&amp;g_ep=EgoyMDI0MTIxMS4wIKXMDSoASAFQAw%3D%3D\"> <strong style=\"color: #ab0a3d;\"> Ubicaci\u00f3n<\/strong> <\/a><br \/><strong style=\"color: #ab0a3d;\"> Municipios de gesti\u00f3n:<\/strong><\/p><p>Solidaridad<\/p><p>Tulum<\/p><\/div>\t\t\t\t\t\t<\/div>\n\t\t\t\t<\/div>\n\t\t\t\t<\/div>\n\t\t<div class=\"elementor-element elementor-element-fa2bcf7 e-con-full e-flex e-con e-child\" data-id=\"fa2bcf7\" data-element_type=\"container\" data-settings=\"{&quot;background_background&quot;:&quot;classic&quot;}\">\n\t\t\t\t<div class=\"elementor-element elementor-element-8e98228 elementor-widget elementor-widget-image\" data-id=\"8e98228\" data-element_type=\"widget\" data-widget_type=\"image.default\">\n\t\t\t\t<div class=\"elementor-widget-container\">\n\t\t\t\t\t\t\t\t\t\t\t\t\t<img decoding=\"async\" src=\"https:\/\/qroo.gob.mx\/segob\/rppc\/wp-content\/uploads\/elementor\/thumbs\/24-DEL-COZUMEL-qylzy18t7ff227h7jy242xgc56rf8w47kpezydmocu.png\" title=\"24-DEL-COZUMEL\" alt=\"24-DEL-COZUMEL\" loading=\"lazy\" \/>\t\t\t\t\t\t\t\t\t\t\t\t\t<\/div>\n\t\t\t\t<\/div>\n\t\t\t\t<div class=\"elementor-element elementor-element-9e66b64 elementor-widget elementor-widget-text-editor\" data-id=\"9e66b64\" data-element_type=\"widget\" data-widget_type=\"text-editor.default\">\n\t\t\t\t<div class=\"elementor-widget-container\">\n\t\t\t\t\t\t\t<div>\u00a0<\/div><div><strong>65 Av. s\/n entre calle 3 Sur y Jos\u00e9 Mar\u00eda Morelos, Col. Flores Mag\u00f3n 1, C.P. 77667, Cozumel, Quintana Roo<\/strong><\/div><div>\u00a0<\/div><div><p><strong style=\"color: #ab0a3d;\">Tel\u00e9fono: \u00a0<\/strong>987 872 7436<\/p><p><a href=\"https:\/\/www.google.com\/maps?q=Registro+P%C3%BAblico+De+La+Propiedad,+Av.+65+entre+Morelos+y,+Calle+Dr+Adolfo+Rosado+Salas,+Centro,+Cozumel,+Q.R.&amp;ftid=0x8f4e58336fb2e381:0x34108387e7f20820&amp;entry=gps&amp;lucs=,94242496,94224825,94227247,94227248,47071704,47069508,94218641,94233079,94203019,47084304,94208458,94208447,94213316&amp;g_ep=CAISDTYuMTQwLjAuOTEzNzAYACCIJyp1LDk0MjQyNDk2LDk0MjI0ODI1LDk0MjI3MjQ3LDk0MjI3MjQ4LDQ3MDcxNzA0LDQ3MDY5NTA4LDk0MjE4NjQxLDk0MjMzMDc5LDk0MjAzMDE5LDQ3MDg0MzA0LDk0MjA4NDU4LDk0MjA4NDQ3LDk0MjEzMzE2QgJNWA%3D%3D&amp;g_st=iw\"> <strong style=\"color: #ab0a3d;\"> Ubicaci\u00f3n<\/strong> <\/a><br \/><strong style=\"color: #ab0a3d;\"> Municipios de gesti\u00f3n:<\/strong><\/p><p>Cozumel<\/p><\/div>\t\t\t\t\t\t<\/div>\n\t\t\t\t<\/div>\n\t\t\t\t<\/div>\n\t\t\t\t\t<\/div>\n\t\t\t\t<\/div>\n\t\t<div class=\"elementor-element elementor-element-80c8b04 e-flex e-con-boxed e-con e-parent\" data-id=\"80c8b04\" data-element_type=\"container\" data-settings=\"{&quot;background_background&quot;:&quot;classic&quot;}\">\n\t\t\t\t\t<div class=\"e-con-inner\">\n\t\t\t\t<div class=\"elementor-element elementor-element-942ff52 elementor-widget elementor-widget-image\" data-id=\"942ff52\" data-element_type=\"widget\" data-widget_type=\"image.default\">\n\t\t\t\t<div class=\"elementor-widget-container\">\n\t\t\t\t\t\t\t\t\t\t\t\t\t<img fetchpriority=\"high\" decoding=\"async\" width=\"1536\" height=\"1442\" src=\"https:\/\/qroo.gob.mx\/segob\/rppc\/wp-content\/uploads\/2024\/12\/26-HORARIOS-1536x1442.png\" class=\"attachment-1536x1536 size-1536x1536 wp-image-36493\" alt=\"\" srcset=\"https:\/\/qroo.gob.mx\/segob\/rppc\/wp-content\/uploads\/2024\/12\/26-HORARIOS-1536x1442.png 1536w, https:\/\/qroo.gob.mx\/segob\/rppc\/wp-content\/uploads\/2024\/12\/26-HORARIOS-300x282.png 300w, https:\/\/qroo.gob.mx\/segob\/rppc\/wp-content\/uploads\/2024\/12\/26-HORARIOS-1024x961.png 1024w, https:\/\/qroo.gob.mx\/segob\/rppc\/wp-content\/uploads\/2024\/12\/26-HORARIOS-768x721.png 768w, https:\/\/qroo.gob.mx\/segob\/rppc\/wp-content\/uploads\/2024\/12\/26-HORARIOS.png 1920w\" sizes=\"(max-width: 1536px) 100vw, 1536px\" \/>\t\t\t\t\t\t\t\t\t\t\t\t\t<\/div>\n\t\t\t\t<\/div>\n\t\t\t\t\t<\/div>\n\t\t\t\t<\/div>\n\t\t\t\t<\/div>\n\t\t","protected":false},"excerpt":{"rendered":"<p>DELEGACIONES DEL REGISTRO P\u00daBLICO DE LA PROPIEDAD Y DEL COMERCIO \u00a0Calle 22 de enero, Andador H\u00e9roes N. 193, Col. Centro, C.P. 77000, Chetumal, Quintana Roo\u00a0 Tel\u00e9fono: 983 835 1350Extensi\u00f3n: 2000204 Ubicaci\u00f3n Municipios de gesti\u00f3n: Oth\u00f3n P. Blanco F. Carrillo Puerto Jos\u00e9 Mar\u00eda Morelos Bacalar \u00a0Av. Bonampak esq. Nichupt\u00e9, Sm. 8, Lt. 4, Oficina. 3, Plaza &#8230; <a title=\"Directorio Estatal\" class=\"read-more\" href=\"https:\/\/qroo.gob.mx\/segob\/rppc\/directorio-estatal\/\" aria-label=\"Leer m\u00e1s sobre Directorio Estatal\">Leer m\u00e1s<\/a><\/p>\n","protected":false},"author":4,"featured_media":0,"parent":0,"menu_order":0,"comment_status":"closed","ping_status":"closed","template":"","meta":{"footnotes":""},"class_list":["post-36469","page","type-page","status-publish"],"yoast_head":"<!-- This site is optimized with the Yoast SEO plugin v23.0 - https:\/\/yoast.com\/wordpress\/plugins\/seo\/ -->\n<title>Directorio Estatal - Gobierno del Estado de Quintana Roo<\/title>\n<meta name=\"robots\" content=\"index, follow, max-snippet:-1, max-image-preview:large, max-video-preview:-1\" \/>\n<link rel=\"canonical\" href=\"https:\/\/qroo.gob.mx\/segob\/rppc\/directorio-estatal\/\" \/>\n<meta property=\"og:locale\" content=\"es_MX\" \/>\n<meta property=\"og:type\" content=\"article\" \/>\n<meta property=\"og:title\" content=\"Directorio Estatal - Gobierno del Estado de Quintana Roo\" \/>\n<meta property=\"og:description\" content=\"DELEGACIONES DEL REGISTRO P\u00daBLICO DE LA PROPIEDAD Y DEL COMERCIO \u00a0Calle 22 de enero, Andador H\u00e9roes N. 193, Col. Centro, C.P. 77000, Chetumal, Quintana Roo\u00a0 Tel\u00e9fono: 983 835 1350Extensi\u00f3n: 2000204 Ubicaci\u00f3n Municipios de gesti\u00f3n: Oth\u00f3n P. Blanco F. Carrillo Puerto Jos\u00e9 Mar\u00eda Morelos Bacalar \u00a0Av. Bonampak esq. Nichupt\u00e9, Sm. 8, Lt. 4, Oficina. 3, Plaza ... Leer m\u00e1s\" \/>\n<meta property=\"og:url\" content=\"https:\/\/qroo.gob.mx\/segob\/rppc\/directorio-estatal\/\" \/>\n<meta property=\"og:site_name\" content=\"Gobierno del Estado de Quintana Roo\" \/>\n<meta property=\"article:modified_time\" content=\"2024-12-17T16:05:11+00:00\" \/>\n<meta property=\"og:image\" content=\"https:\/\/qroo.gob.mx\/segob\/rppc\/wp-content\/uploads\/elementor\/thumbs\/21-DEL-OTHONP-BLANCO-qylysa8vnc99y2a0flnia51za7j609nwpl2ay4ejtc.png\" \/>\n<meta name=\"twitter:card\" content=\"summary_large_image\" \/>\n<meta name=\"twitter:label1\" content=\"Tiempo de lectura\" \/>\n\t<meta name=\"twitter:data1\" content=\"2 minutos\" \/>\n<script type=\"application\/ld+json\" class=\"yoast-schema-graph\">{\"@context\":\"https:\/\/schema.org\",\"@graph\":[{\"@type\":\"WebPage\",\"@id\":\"https:\/\/qroo.gob.mx\/segob\/rppc\/directorio-estatal\/\",\"url\":\"https:\/\/qroo.gob.mx\/segob\/rppc\/directorio-estatal\/\",\"name\":\"Directorio Estatal - Gobierno del Estado de Quintana Roo\",\"isPartOf\":{\"@id\":\"https:\/\/qroo.gob.mx\/segob\/rppc\/#website\"},\"primaryImageOfPage\":{\"@id\":\"https:\/\/qroo.gob.mx\/segob\/rppc\/directorio-estatal\/#primaryimage\"},\"image\":{\"@id\":\"https:\/\/qroo.gob.mx\/segob\/rppc\/directorio-estatal\/#primaryimage\"},\"thumbnailUrl\":\"https:\/\/qroo.gob.mx\/segob\/rppc\/wp-content\/uploads\/elementor\/thumbs\/21-DEL-OTHONP-BLANCO-qylysa8vnc99y2a0flnia51za7j609nwpl2ay4ejtc.png\",\"datePublished\":\"2024-12-16T21:14:19+00:00\",\"dateModified\":\"2024-12-17T16:05:11+00:00\",\"breadcrumb\":{\"@id\":\"https:\/\/qroo.gob.mx\/segob\/rppc\/directorio-estatal\/#breadcrumb\"},\"inLanguage\":\"es\",\"potentialAction\":[{\"@type\":\"ReadAction\",\"target\":[\"https:\/\/qroo.gob.mx\/segob\/rppc\/directorio-estatal\/\"]}]},{\"@type\":\"ImageObject\",\"inLanguage\":\"es\",\"@id\":\"https:\/\/qroo.gob.mx\/segob\/rppc\/directorio-estatal\/#primaryimage\",\"url\":\"https:\/\/qroo.gob.mx\/segob\/rppc\/wp-content\/uploads\/elementor\/thumbs\/21-DEL-OTHONP-BLANCO-qylysa8vnc99y2a0flnia51za7j609nwpl2ay4ejtc.png\",\"contentUrl\":\"https:\/\/qroo.gob.mx\/segob\/rppc\/wp-content\/uploads\/elementor\/thumbs\/21-DEL-OTHONP-BLANCO-qylysa8vnc99y2a0flnia51za7j609nwpl2ay4ejtc.png\"},{\"@type\":\"BreadcrumbList\",\"@id\":\"https:\/\/qroo.gob.mx\/segob\/rppc\/directorio-estatal\/#breadcrumb\",\"itemListElement\":[{\"@type\":\"ListItem\",\"position\":1,\"name\":\"Inicio\",\"item\":\"https:\/\/qroo.gob.mx\/segob\/rppc\/\"},{\"@type\":\"ListItem\",\"position\":2,\"name\":\"Directorio Estatal\"}]},{\"@type\":\"WebSite\",\"@id\":\"https:\/\/qroo.gob.mx\/segob\/rppc\/#website\",\"url\":\"https:\/\/qroo.gob.mx\/segob\/rppc\/\",\"name\":\"Gobierno del Estado de Quintana Roo\",\"description\":\"\",\"publisher\":{\"@id\":\"https:\/\/qroo.gob.mx\/segob\/rppc\/#organization\"},\"potentialAction\":[{\"@type\":\"SearchAction\",\"target\":{\"@type\":\"EntryPoint\",\"urlTemplate\":\"https:\/\/qroo.gob.mx\/segob\/rppc\/?s={search_term_string}\"},\"query-input\":\"required name=search_term_string\"}],\"inLanguage\":\"es\"},{\"@type\":\"Organization\",\"@id\":\"https:\/\/qroo.gob.mx\/segob\/rppc\/#organization\",\"name\":\"Gobierno del Estado de Quintana Roo\",\"url\":\"https:\/\/qroo.gob.mx\/segob\/rppc\/\",\"logo\":{\"@type\":\"ImageObject\",\"inLanguage\":\"es\",\"@id\":\"https:\/\/qroo.gob.mx\/segob\/rppc\/#\/schema\/logo\/image\/\",\"url\":\"https:\/\/qroo.gob.mx\/segob\/rppc\/wp-content\/uploads\/2024\/03\/logo-de-gobierno.png\",\"contentUrl\":\"https:\/\/qroo.gob.mx\/segob\/rppc\/wp-content\/uploads\/2024\/03\/logo-de-gobierno.png\",\"width\":1876,\"height\":596,\"caption\":\"Gobierno del Estado de Quintana Roo\"},\"image\":{\"@id\":\"https:\/\/qroo.gob.mx\/segob\/rppc\/#\/schema\/logo\/image\/\"}}]}<\/script>\n<!-- \/ Yoast SEO plugin. -->","yoast_head_json":{"title":"Directorio Estatal - Gobierno del Estado de Quintana Roo","robots":{"index":"index","follow":"follow","max-snippet":"max-snippet:-1","max-image-preview":"max-image-preview:large","max-video-preview":"max-video-preview:-1"},"canonical":"https:\/\/qroo.gob.mx\/segob\/rppc\/directorio-estatal\/","og_locale":"es_MX","og_type":"article","og_title":"Directorio Estatal - Gobierno del Estado de Quintana Roo","og_description":"DELEGACIONES DEL REGISTRO P\u00daBLICO DE LA PROPIEDAD Y DEL COMERCIO \u00a0Calle 22 de enero, Andador H\u00e9roes N. 193, Col. Centro, C.P. 77000, Chetumal, Quintana Roo\u00a0 Tel\u00e9fono: 983 835 1350Extensi\u00f3n: 2000204 Ubicaci\u00f3n Municipios de gesti\u00f3n: Oth\u00f3n P. Blanco F. Carrillo Puerto Jos\u00e9 Mar\u00eda Morelos Bacalar \u00a0Av. Bonampak esq. Nichupt\u00e9, Sm. 8, Lt. 4, Oficina. 3, Plaza ... Leer m\u00e1s","og_url":"https:\/\/qroo.gob.mx\/segob\/rppc\/directorio-estatal\/","og_site_name":"Gobierno del Estado de Quintana Roo","article_modified_time":"2024-12-17T16:05:11+00:00","og_image":[{"url":"https:\/\/qroo.gob.mx\/segob\/rppc\/wp-content\/uploads\/elementor\/thumbs\/21-DEL-OTHONP-BLANCO-qylysa8vnc99y2a0flnia51za7j609nwpl2ay4ejtc.png"}],"twitter_card":"summary_large_image","twitter_misc":{"Tiempo de lectura":"2 minutos"},"schema":{"@context":"https:\/\/schema.org","@graph":[{"@type":"WebPage","@id":"https:\/\/qroo.gob.mx\/segob\/rppc\/directorio-estatal\/","url":"https:\/\/qroo.gob.mx\/segob\/rppc\/directorio-estatal\/","name":"Directorio Estatal - Gobierno del Estado de Quintana Roo","isPartOf":{"@id":"https:\/\/qroo.gob.mx\/segob\/rppc\/#website"},"primaryImageOfPage":{"@id":"https:\/\/qroo.gob.mx\/segob\/rppc\/directorio-estatal\/#primaryimage"},"image":{"@id":"https:\/\/qroo.gob.mx\/segob\/rppc\/directorio-estatal\/#primaryimage"},"thumbnailUrl":"https:\/\/qroo.gob.mx\/segob\/rppc\/wp-content\/uploads\/elementor\/thumbs\/21-DEL-OTHONP-BLANCO-qylysa8vnc99y2a0flnia51za7j609nwpl2ay4ejtc.png","datePublished":"2024-12-16T21:14:19+00:00","dateModified":"2024-12-17T16:05:11+00:00","breadcrumb":{"@id":"https:\/\/qroo.gob.mx\/segob\/rppc\/directorio-estatal\/#breadcrumb"},"inLanguage":"es","potentialAction":[{"@type":"ReadAction","target":["https:\/\/qroo.gob.mx\/segob\/rppc\/directorio-estatal\/"]}]},{"@type":"ImageObject","inLanguage":"es","@id":"https:\/\/qroo.gob.mx\/segob\/rppc\/directorio-estatal\/#primaryimage","url":"https:\/\/qroo.gob.mx\/segob\/rppc\/wp-content\/uploads\/elementor\/thumbs\/21-DEL-OTHONP-BLANCO-qylysa8vnc99y2a0flnia51za7j609nwpl2ay4ejtc.png","contentUrl":"https:\/\/qroo.gob.mx\/segob\/rppc\/wp-content\/uploads\/elementor\/thumbs\/21-DEL-OTHONP-BLANCO-qylysa8vnc99y2a0flnia51za7j609nwpl2ay4ejtc.png"},{"@type":"BreadcrumbList","@id":"https:\/\/qroo.gob.mx\/segob\/rppc\/directorio-estatal\/#breadcrumb","itemListElement":[{"@type":"ListItem","position":1,"name":"Inicio","item":"https:\/\/qroo.gob.mx\/segob\/rppc\/"},{"@type":"ListItem","position":2,"name":"Directorio Estatal"}]},{"@type":"WebSite","@id":"https:\/\/qroo.gob.mx\/segob\/rppc\/#website","url":"https:\/\/qroo.gob.mx\/segob\/rppc\/","name":"Gobierno del Estado de Quintana Roo","description":"","publisher":{"@id":"https:\/\/qroo.gob.mx\/segob\/rppc\/#organization"},"potentialAction":[{"@type":"SearchAction","target":{"@type":"EntryPoint","urlTemplate":"https:\/\/qroo.gob.mx\/segob\/rppc\/?s={search_term_string}"},"query-input":"required name=search_term_string"}],"inLanguage":"es"},{"@type":"Organization","@id":"https:\/\/qroo.gob.mx\/segob\/rppc\/#organization","name":"Gobierno del Estado de Quintana Roo","url":"https:\/\/qroo.gob.mx\/segob\/rppc\/","logo":{"@type":"ImageObject","inLanguage":"es","@id":"https:\/\/qroo.gob.mx\/segob\/rppc\/#\/schema\/logo\/image\/","url":"https:\/\/qroo.gob.mx\/segob\/rppc\/wp-content\/uploads\/2024\/03\/logo-de-gobierno.png","contentUrl":"https:\/\/qroo.gob.mx\/segob\/rppc\/wp-content\/uploads\/2024\/03\/logo-de-gobierno.png","width":1876,"height":596,"caption":"Gobierno del Estado de Quintana Roo"},"image":{"@id":"https:\/\/qroo.gob.mx\/segob\/rppc\/#\/schema\/logo\/image\/"}}]}},"_links":{"self":[{"href":"https:\/\/qroo.gob.mx\/segob\/rppc\/wp-json\/wp\/v2\/pages\/36469"}],"collection":[{"href":"https:\/\/qroo.gob.mx\/segob\/rppc\/wp-json\/wp\/v2\/pages"}],"about":[{"href":"https:\/\/qroo.gob.mx\/segob\/rppc\/wp-json\/wp\/v2\/types\/page"}],"author":[{"embeddable":true,"href":"https:\/\/qroo.gob.mx\/segob\/rppc\/wp-json\/wp\/v2\/users\/4"}],"replies":[{"embeddable":true,"href":"https:\/\/qroo.gob.mx\/segob\/rppc\/wp-json\/wp\/v2\/comments?post=36469"}],"version-history":[{"count":32,"href":"https:\/\/qroo.gob.mx\/segob\/rppc\/wp-json\/wp\/v2\/pages\/36469\/revisions"}],"predecessor-version":[{"id":36509,"href":"https:\/\/qroo.gob.mx\/segob\/rppc\/wp-json\/wp\/v2\/pages\/36469\/revisions\/36509"}],"wp:attachment":[{"href":"https:\/\/qroo.gob.mx\/segob\/rppc\/wp-json\/wp\/v2\/media?parent=36469"}],"curies":[{"name":"wp","href":"https:\/\/api.w.org\/{rel}","templated":true}]}}