{"id":36007,"date":"2024-08-27T10:52:47","date_gmt":"2024-08-27T15:52:47","guid":{"rendered":"https:\/\/qroo.gob.mx\/segob\/cbpeqroo\/?page_id=36007"},"modified":"2024-08-27T11:06:35","modified_gmt":"2024-08-27T16:06:35","slug":"organizaciones-de-la-sociedad-civil-para-busqueda-de-personas","status":"publish","type":"page","link":"https:\/\/qroo.gob.mx\/segob\/cbpeqroo\/index.php\/organizaciones-de-la-sociedad-civil-para-busqueda-de-personas\/","title":{"rendered":"Organizaciones de la Sociedad Civil para B\u00fasqueda de Personas"},"content":{"rendered":"\t\t<div data-elementor-type=\"wp-page\" data-elementor-id=\"36007\" class=\"elementor elementor-36007\">\n\t\t\t\t<div class=\"elementor-element elementor-element-84d9355 e-flex e-con-boxed e-con e-parent\" data-id=\"84d9355\" data-element_type=\"container\">\n\t\t\t\t\t<div class=\"e-con-inner\">\n\t\t\t\t<div class=\"elementor-element elementor-element-61596cf elementor-widget elementor-widget-heading\" data-id=\"61596cf\" data-element_type=\"widget\" data-widget_type=\"heading.default\">\n\t\t\t\t<div class=\"elementor-widget-container\">\n\t\t\t<style>\/*! elementor - v3.23.0 - 15-07-2024 *\/\n.elementor-heading-title{padding:0;margin:0;line-height:1}.elementor-widget-heading .elementor-heading-title[class*=elementor-size-]>a{color:inherit;font-size:inherit;line-height:inherit}.elementor-widget-heading .elementor-heading-title.elementor-size-small{font-size:15px}.elementor-widget-heading .elementor-heading-title.elementor-size-medium{font-size:19px}.elementor-widget-heading .elementor-heading-title.elementor-size-large{font-size:29px}.elementor-widget-heading .elementor-heading-title.elementor-size-xl{font-size:39px}.elementor-widget-heading .elementor-heading-title.elementor-size-xxl{font-size:59px}<\/style><h2 class=\"elementor-heading-title elementor-size-default\">Organizaciones de la Sociedad Civil para B\u00fasqueda de Personas<\/h2>\t\t<\/div>\n\t\t\t\t<\/div>\n\t\t\t\t<div class=\"elementor-element elementor-element-84d6ce0 elementor-widget elementor-widget-html\" data-id=\"84d6ce0\" data-element_type=\"widget\" data-widget_type=\"html.default\">\n\t\t\t\t<div class=\"elementor-widget-container\">\n\t\t\t<p class=\"text-align-center\">&nbsp;<\/p>\r\n\r\n<p class=\"text-align-center\">&nbsp;<\/p>\r\n\r\n<p class=\"text-align-center\">Movimiento por nuestros desaparecidos en M\u00e9xico<\/p>\r\n\r\n<p class=\"text-align-center\"><a data-saferedirecturl=\"https:\/\/www.google.com\/url?q=https:\/\/movndmx.org\/&amp;source=gmail&amp;ust=1623348989818000&amp;usg=AFQjCNEjM8pKi0-Ermsm5y6mzPYIgnm55A\" href=\"https:\/\/movndmx.org\/\" target=\"_blank\">https:\/\/movndmx.org\/<\/a><\/p>\r\n\r\n<p class=\"text-align-center\">&nbsp;<\/p>\r\n\r\n<p class=\"text-align-center\">Red Eslabones por los Derechos Humanos<\/p>\r\n\r\n<p class=\"text-align-center\"><a data-saferedirecturl=\"https:\/\/www.google.com\/url?q=https:\/\/www.facebook.com\/eslabonl\/&amp;source=gmail&amp;ust=1622734989793000&amp;usg=AFQjCNHPD0EhIldk-E1b-M4df7yX-oxYZw\" href=\"https:\/\/www.facebook.com\/eslabonl\/\" target=\"_blank\">https:\/\/www.facebook.com\/<wbr \/>eslabonl\/<\/a><\/p>\r\n\r\n<p class=\"text-align-center\">&nbsp;<\/p>\r\n\r\n<p class=\"text-align-center\">A d\u00f3nde van los desaparecidos: sitio de investigaci\u00f3n period\u00edstica y an\u00e1lisis<\/p>\r\n\r\n<p class=\"text-align-center\"><a data-saferedirecturl=\"https:\/\/www.google.com\/url?q=https:\/\/adondevanlosdesaparecidos.org\/&amp;source=gmail&amp;ust=1622734989793000&amp;usg=AFQjCNHPD0EhIldk-E1b-M4df7yX-oxYZw\" href=\"https:\/\/adondevanlosdesaparecidos.org\/\" target=\"_blank\">https:\/\/adondevanlosdesaparecidos.org\/<\/a><\/p>\r\n\r\n<p class=\"text-align-center\">&nbsp;<\/p>\r\n\r\n<p class=\"text-align-center\">Verdad, Memoria y Justicia<\/p>\r\n\r\n<p class=\"text-align-center\"><a data-saferedirecturl=\"https:\/\/www.google.com\/url?q=https:\/\/twitter.com\/QuintanaRoo_&amp;source=gmail&amp;ust=1622734989793000&amp;usg=AFQjCNHPD0EhIldk-E1b-M4df7yX-oxYZw\" href=\"https:\/\/twitter.com\/QuintanaRoo_\" target=\"_blank\">https:\/\/twitter.com\/QuintanaRoo_<\/a><\/p>\r\n\t\t<\/div>\n\t\t\t\t<\/div>\n\t\t\t\t\t<\/div>\n\t\t\t\t<\/div>\n\t\t\t\t<\/div>\n\t\t","protected":false},"excerpt":{"rendered":"<p>Organizaciones de la Sociedad Civil para B\u00fasqueda de Personas &nbsp; &nbsp; Movimiento por nuestros desaparecidos en M\u00e9xico https:\/\/movndmx.org\/ &nbsp; Red Eslabones por los Derechos Humanos https:\/\/www.facebook.com\/eslabonl\/ &nbsp; A d\u00f3nde van los desaparecidos: sitio de investigaci\u00f3n period\u00edstica y an\u00e1lisis https:\/\/adondevanlosdesaparecidos.org\/ &nbsp; Verdad, Memoria y Justicia https:\/\/twitter.com\/QuintanaRoo_<\/p>\n","protected":false},"author":3,"featured_media":0,"parent":0,"menu_order":0,"comment_status":"closed","ping_status":"closed","template":"","meta":{"footnotes":""},"class_list":["post-36007","page","type-page","status-publish"],"yoast_head":"<!-- This site is optimized with the Yoast SEO plugin v23.0 - https:\/\/yoast.com\/wordpress\/plugins\/seo\/ -->\n<title>Organizaciones de la Sociedad Civil para B\u00fasqueda de Personas - Comisi\u00f3n de B\u00fasqueda de Personas del Estado de Quintana Roo<\/title>\n<meta name=\"robots\" content=\"noindex, follow, max-snippet:-1, max-image-preview:large, max-video-preview:-1\" \/>\n<meta property=\"og:locale\" content=\"es_MX\" \/>\n<meta property=\"og:type\" content=\"article\" \/>\n<meta property=\"og:title\" content=\"Organizaciones de la Sociedad Civil para B\u00fasqueda de Personas - Comisi\u00f3n de B\u00fasqueda de Personas del Estado de Quintana Roo\" \/>\n<meta property=\"og:description\" content=\"Organizaciones de la Sociedad Civil para B\u00fasqueda de Personas &nbsp; &nbsp; Movimiento por nuestros desaparecidos en M\u00e9xico https:\/\/movndmx.org\/ &nbsp; Red Eslabones por los Derechos Humanos https:\/\/www.facebook.com\/eslabonl\/ &nbsp; A d\u00f3nde van los desaparecidos: sitio de investigaci\u00f3n period\u00edstica y an\u00e1lisis https:\/\/adondevanlosdesaparecidos.org\/ &nbsp; Verdad, Memoria y Justicia https:\/\/twitter.com\/QuintanaRoo_\" \/>\n<meta property=\"og:url\" content=\"https:\/\/qroo.gob.mx\/segob\/cbpeqroo\/index.php\/organizaciones-de-la-sociedad-civil-para-busqueda-de-personas\/\" \/>\n<meta property=\"og:site_name\" content=\"Comisi\u00f3n de B\u00fasqueda de Personas del Estado de Quintana Roo\" \/>\n<meta property=\"article:modified_time\" content=\"2024-08-27T16:06:35+00:00\" \/>\n<meta name=\"twitter:card\" content=\"summary_large_image\" \/>\n<meta name=\"twitter:label1\" content=\"Tiempo de lectura\" \/>\n\t<meta name=\"twitter:data1\" content=\"1 minuto\" \/>\n<script type=\"application\/ld+json\" class=\"yoast-schema-graph\">{\"@context\":\"https:\/\/schema.org\",\"@graph\":[{\"@type\":\"WebPage\",\"@id\":\"https:\/\/qroo.gob.mx\/segob\/cbpeqroo\/index.php\/organizaciones-de-la-sociedad-civil-para-busqueda-de-personas\/\",\"url\":\"https:\/\/qroo.gob.mx\/segob\/cbpeqroo\/index.php\/organizaciones-de-la-sociedad-civil-para-busqueda-de-personas\/\",\"name\":\"Organizaciones de la Sociedad Civil para B\u00fasqueda de Personas - Comisi\u00f3n de B\u00fasqueda de Personas del Estado de Quintana Roo\",\"isPartOf\":{\"@id\":\"https:\/\/qroo.gob.mx\/segob\/cbpeqroo\/#website\"},\"datePublished\":\"2024-08-27T15:52:47+00:00\",\"dateModified\":\"2024-08-27T16:06:35+00:00\",\"breadcrumb\":{\"@id\":\"https:\/\/qroo.gob.mx\/segob\/cbpeqroo\/index.php\/organizaciones-de-la-sociedad-civil-para-busqueda-de-personas\/#breadcrumb\"},\"inLanguage\":\"es\",\"potentialAction\":[{\"@type\":\"ReadAction\",\"target\":[\"https:\/\/qroo.gob.mx\/segob\/cbpeqroo\/index.php\/organizaciones-de-la-sociedad-civil-para-busqueda-de-personas\/\"]}]},{\"@type\":\"BreadcrumbList\",\"@id\":\"https:\/\/qroo.gob.mx\/segob\/cbpeqroo\/index.php\/organizaciones-de-la-sociedad-civil-para-busqueda-de-personas\/#breadcrumb\",\"itemListElement\":[{\"@type\":\"ListItem\",\"position\":1,\"name\":\"Inicio\",\"item\":\"https:\/\/qroo.gob.mx\/segob\/cbpeqroo\/\"},{\"@type\":\"ListItem\",\"position\":2,\"name\":\"Organizaciones de la Sociedad Civil para B\u00fasqueda de Personas\"}]},{\"@type\":\"WebSite\",\"@id\":\"https:\/\/qroo.gob.mx\/segob\/cbpeqroo\/#website\",\"url\":\"https:\/\/qroo.gob.mx\/segob\/cbpeqroo\/\",\"name\":\"Comisi\u00f3n de B\u00fasqueda de Personas del Estado de Quintana Roo\",\"description\":\"\",\"publisher\":{\"@id\":\"https:\/\/qroo.gob.mx\/segob\/cbpeqroo\/#organization\"},\"potentialAction\":[{\"@type\":\"SearchAction\",\"target\":{\"@type\":\"EntryPoint\",\"urlTemplate\":\"https:\/\/qroo.gob.mx\/segob\/cbpeqroo\/?s={search_term_string}\"},\"query-input\":\"required name=search_term_string\"}],\"inLanguage\":\"es\"},{\"@type\":\"Organization\",\"@id\":\"https:\/\/qroo.gob.mx\/segob\/cbpeqroo\/#organization\",\"name\":\"Comisi\u00f3n de B\u00fasqueda de Personas del Estado de Quintana Roo\",\"url\":\"https:\/\/qroo.gob.mx\/segob\/cbpeqroo\/\",\"logo\":{\"@type\":\"ImageObject\",\"inLanguage\":\"es\",\"@id\":\"https:\/\/qroo.gob.mx\/segob\/cbpeqroo\/#\/schema\/logo\/image\/\",\"url\":\"https:\/\/qroo.gob.mx\/segob\/cbpeqroo\/wp-content\/uploads\/2024\/03\/logo-de-gobierno.png\",\"contentUrl\":\"https:\/\/qroo.gob.mx\/segob\/cbpeqroo\/wp-content\/uploads\/2024\/03\/logo-de-gobierno.png\",\"width\":1876,\"height\":596,\"caption\":\"Comisi\u00f3n de B\u00fasqueda de Personas del Estado de Quintana Roo\"},\"image\":{\"@id\":\"https:\/\/qroo.gob.mx\/segob\/cbpeqroo\/#\/schema\/logo\/image\/\"}}]}<\/script>\n<!-- \/ Yoast SEO plugin. -->","yoast_head_json":{"title":"Organizaciones de la Sociedad Civil para B\u00fasqueda de Personas - Comisi\u00f3n de B\u00fasqueda de Personas del Estado de Quintana Roo","robots":{"index":"noindex","follow":"follow","max-snippet":"max-snippet:-1","max-image-preview":"max-image-preview:large","max-video-preview":"max-video-preview:-1"},"og_locale":"es_MX","og_type":"article","og_title":"Organizaciones de la Sociedad Civil para B\u00fasqueda de Personas - Comisi\u00f3n de B\u00fasqueda de Personas del Estado de Quintana Roo","og_description":"Organizaciones de la Sociedad Civil para B\u00fasqueda de Personas &nbsp; &nbsp; Movimiento por nuestros desaparecidos en M\u00e9xico https:\/\/movndmx.org\/ &nbsp; Red Eslabones por los Derechos Humanos https:\/\/www.facebook.com\/eslabonl\/ &nbsp; A d\u00f3nde van los desaparecidos: sitio de investigaci\u00f3n period\u00edstica y an\u00e1lisis https:\/\/adondevanlosdesaparecidos.org\/ &nbsp; Verdad, Memoria y Justicia https:\/\/twitter.com\/QuintanaRoo_","og_url":"https:\/\/qroo.gob.mx\/segob\/cbpeqroo\/index.php\/organizaciones-de-la-sociedad-civil-para-busqueda-de-personas\/","og_site_name":"Comisi\u00f3n de B\u00fasqueda de Personas del Estado de Quintana Roo","article_modified_time":"2024-08-27T16:06:35+00:00","twitter_card":"summary_large_image","twitter_misc":{"Tiempo de lectura":"1 minuto"},"schema":{"@context":"https:\/\/schema.org","@graph":[{"@type":"WebPage","@id":"https:\/\/qroo.gob.mx\/segob\/cbpeqroo\/index.php\/organizaciones-de-la-sociedad-civil-para-busqueda-de-personas\/","url":"https:\/\/qroo.gob.mx\/segob\/cbpeqroo\/index.php\/organizaciones-de-la-sociedad-civil-para-busqueda-de-personas\/","name":"Organizaciones de la Sociedad Civil para B\u00fasqueda de Personas - Comisi\u00f3n de B\u00fasqueda de Personas del Estado de Quintana Roo","isPartOf":{"@id":"https:\/\/qroo.gob.mx\/segob\/cbpeqroo\/#website"},"datePublished":"2024-08-27T15:52:47+00:00","dateModified":"2024-08-27T16:06:35+00:00","breadcrumb":{"@id":"https:\/\/qroo.gob.mx\/segob\/cbpeqroo\/index.php\/organizaciones-de-la-sociedad-civil-para-busqueda-de-personas\/#breadcrumb"},"inLanguage":"es","potentialAction":[{"@type":"ReadAction","target":["https:\/\/qroo.gob.mx\/segob\/cbpeqroo\/index.php\/organizaciones-de-la-sociedad-civil-para-busqueda-de-personas\/"]}]},{"@type":"BreadcrumbList","@id":"https:\/\/qroo.gob.mx\/segob\/cbpeqroo\/index.php\/organizaciones-de-la-sociedad-civil-para-busqueda-de-personas\/#breadcrumb","itemListElement":[{"@type":"ListItem","position":1,"name":"Inicio","item":"https:\/\/qroo.gob.mx\/segob\/cbpeqroo\/"},{"@type":"ListItem","position":2,"name":"Organizaciones de la Sociedad Civil para B\u00fasqueda de Personas"}]},{"@type":"WebSite","@id":"https:\/\/qroo.gob.mx\/segob\/cbpeqroo\/#website","url":"https:\/\/qroo.gob.mx\/segob\/cbpeqroo\/","name":"Comisi\u00f3n de B\u00fasqueda de Personas del Estado de Quintana Roo","description":"","publisher":{"@id":"https:\/\/qroo.gob.mx\/segob\/cbpeqroo\/#organization"},"potentialAction":[{"@type":"SearchAction","target":{"@type":"EntryPoint","urlTemplate":"https:\/\/qroo.gob.mx\/segob\/cbpeqroo\/?s={search_term_string}"},"query-input":"required name=search_term_string"}],"inLanguage":"es"},{"@type":"Organization","@id":"https:\/\/qroo.gob.mx\/segob\/cbpeqroo\/#organization","name":"Comisi\u00f3n de B\u00fasqueda de Personas del Estado de Quintana Roo","url":"https:\/\/qroo.gob.mx\/segob\/cbpeqroo\/","logo":{"@type":"ImageObject","inLanguage":"es","@id":"https:\/\/qroo.gob.mx\/segob\/cbpeqroo\/#\/schema\/logo\/image\/","url":"https:\/\/qroo.gob.mx\/segob\/cbpeqroo\/wp-content\/uploads\/2024\/03\/logo-de-gobierno.png","contentUrl":"https:\/\/qroo.gob.mx\/segob\/cbpeqroo\/wp-content\/uploads\/2024\/03\/logo-de-gobierno.png","width":1876,"height":596,"caption":"Comisi\u00f3n de B\u00fasqueda de Personas del Estado de Quintana Roo"},"image":{"@id":"https:\/\/qroo.gob.mx\/segob\/cbpeqroo\/#\/schema\/logo\/image\/"}}]}},"_links":{"self":[{"href":"https:\/\/qroo.gob.mx\/segob\/cbpeqroo\/index.php\/wp-json\/wp\/v2\/pages\/36007"}],"collection":[{"href":"https:\/\/qroo.gob.mx\/segob\/cbpeqroo\/index.php\/wp-json\/wp\/v2\/pages"}],"about":[{"href":"https:\/\/qroo.gob.mx\/segob\/cbpeqroo\/index.php\/wp-json\/wp\/v2\/types\/page"}],"author":[{"embeddable":true,"href":"https:\/\/qroo.gob.mx\/segob\/cbpeqroo\/index.php\/wp-json\/wp\/v2\/users\/3"}],"replies":[{"embeddable":true,"href":"https:\/\/qroo.gob.mx\/segob\/cbpeqroo\/index.php\/wp-json\/wp\/v2\/comments?post=36007"}],"version-history":[{"count":4,"href":"https:\/\/qroo.gob.mx\/segob\/cbpeqroo\/index.php\/wp-json\/wp\/v2\/pages\/36007\/revisions"}],"predecessor-version":[{"id":36023,"href":"https:\/\/qroo.gob.mx\/segob\/cbpeqroo\/index.php\/wp-json\/wp\/v2\/pages\/36007\/revisions\/36023"}],"wp:attachment":[{"href":"https:\/\/qroo.gob.mx\/segob\/cbpeqroo\/index.php\/wp-json\/wp\/v2\/media?parent=36007"}],"curies":[{"name":"wp","href":"https:\/\/api.w.org\/{rel}","templated":true}]}}